[Tue May 05 12:39:54.628154 2026] [proxy_fcgi:error] [pid 84357:tid 84398] [client 20.63.32.193:7307] AH01071: Got error 'Primary script unknown'
[Tue May 05 12:39:54.708738 2026] [proxy_fcgi:error] [pid 84319:tid 84344] [client 20.63.32.193:7925] AH01071: Got error 'Primary script unknown'
[Tue May 05 12:39:54.742156 2026] [proxy_fcgi:error] [pid 84407:tid 84412] [client 20.63.32.193:7303] AH01071: Got error 'Primary script unknown'
[Tue May 05 12:39:54.768332 2026] [proxy_fcgi:error] [pid 84349:tid 84354] [client 20.63.32.193:7920] AH01071: Got error 'Primary script unknown'
[Tue May 05 12:39:54.791193 2026] [proxy_fcgi:error] [pid 84319:tid 84326] [client 20.63.32.193:7885] AH01071: Got error 'Primary script unknown'
[Tue May 05 12:39:54.797466 2026] [proxy_fcgi:error] [pid 84349:tid 84367] [client 20.63.32.193:7315] AH01071: Got error 'Primary script unknown'
[Tue May 05 12:39:54.801941 2026] [proxy_fcgi:error] [pid 84349:tid 84358] [client 20.63.32.193:7930] AH01071: Got error 'Primary script unknown'
[Tue May 05 12:39:54.821680 2026] [proxy_fcgi:error] [pid 88089:tid 88099] [client 20.63.32.193:7934] AH01071: Got error 'Primary script unknown'
[Tue May 05 12:39:54.836012 2026] [proxy_fcgi:error] [pid 88089:tid 88095] [client 20.63.32.193:7313] AH01071: Got error 'Primary script unknown'
[Tue May 05 12:39:54.857525 2026] [proxy_fcgi:error] [pid 84357:tid 84398] [client 20.63.32.193:7307] AH01071: Got error 'Primary script unknown'
[Tue May 05 12:39:54.937463 2026] [proxy_fcgi:error] [pid 84319:tid 84344] [client 20.63.32.193:7925] AH01071: Got error 'Primary script unknown'
[Tue May 05 12:39:54.959776 2026] [proxy_fcgi:error] [pid 84407:tid 84412] [client 20.63.32.193:7303] AH01071: Got error 'Primary script unknown'
[Tue May 05 12:39:55.004627 2026] [proxy_fcgi:error] [pid 84349:tid 84354] [client 20.63.32.193:7920] AH01071: Got error 'Primary script unknown'
[Tue May 05 12:39:55.008984 2026] [proxy_fcgi:error] [pid 84319:tid 84326] [client 20.63.32.193:7885] AH01071: Got error 'Primary script unknown'
[Tue May 05 12:39:55.024655 2026] [proxy_fcgi:error] [pid 84349:tid 84367] [client 20.63.32.193:7315] AH01071: Got error 'Primary script unknown'
[Tue May 05 12:39:55.035500 2026] [proxy_fcgi:error] [pid 84349:tid 84358] [client 20.63.32.193:7930] AH01071: Got error 'Primary script unknown'
[Tue May 05 12:39:55.040105 2026] [proxy_fcgi:error] [pid 88089:tid 88099] [client 20.63.32.193:7934] AH01071: Got error 'Primary script unknown'
[Tue May 05 12:39:55.052907 2026] [proxy_fcgi:error] [pid 88089:tid 88095] [client 20.63.32.193:7313] AH01071: Got error 'Primary script unknown'
[Tue May 05 12:39:55.086952 2026] [proxy_fcgi:error] [pid 84357:tid 84398] [client 20.63.32.193:7307] AH01071: Got error 'Primary script unknown'
[Tue May 05 12:39:55.166201 2026] [proxy_fcgi:error] [pid 84319:tid 84344] [client 20.63.32.193:7925] AH01071: Got error 'Primary script unknown'
[Tue May 05 12:39:55.177206 2026] [proxy_fcgi:error] [pid 84407:tid 84412] [client 20.63.32.193:7303] AH01071: Got error 'Primary script unknown'
[Tue May 05 12:39:55.226105 2026] [proxy_fcgi:error] [pid 84319:tid 84326] [client 20.63.32.193:7885] AH01071: Got error 'Primary script unknown'
[Tue May 05 12:39:55.241323 2026] [proxy_fcgi:error] [pid 84349:tid 84354] [client 20.63.32.193:7920] AH01071: Got error 'Primary script unknown'
[Tue May 05 12:39:55.251912 2026] [proxy_fcgi:error] [pid 84349:tid 84367] [client 20.63.32.193:7315] AH01071: Got error 'Primary script unknown'
[Tue May 05 12:39:55.258839 2026] [proxy_fcgi:error] [pid 88089:tid 88099] [client 20.63.32.193:7934] AH01071: Got error 'Primary script unknown'
[Tue May 05 12:39:55.269283 2026] [proxy_fcgi:error] [pid 84349:tid 84358] [client 20.63.32.193:7930] AH01071: Got error 'Primary script unknown'
[Tue May 05 12:39:55.269719 2026] [proxy_fcgi:error] [pid 88089:tid 88095] [client 20.63.32.193:7313] AH01071: Got error 'Primary script unknown'
[Tue May 05 12:39:55.316198 2026] [proxy_fcgi:error] [pid 84357:tid 84398] [client 20.63.32.193:7307] AH01071: Got error 'Primary script unknown'
[Tue May 05 12:39:55.394757 2026] [proxy_fcgi:error] [pid 84407:tid 84412] [client 20.63.32.193:7303] AH01071: Got error 'Primary script unknown'
[Tue May 05 12:39:55.395128 2026] [proxy_fcgi:error] [pid 84319:tid 84344] [client 20.63.32.193:7925] AH01071: Got error 'Primary script unknown'
[Tue May 05 12:39:55.443174 2026] [proxy_fcgi:error] [pid 84319:tid 84326] [client 20.63.32.193:7885] AH01071: Got error 'Primary script unknown'
[Tue May 05 12:39:55.477531 2026] [proxy_fcgi:error] [pid 88089:tid 88099] [client 20.63.32.193:7934] AH01071: Got error 'Primary script unknown'
[Tue May 05 12:39:55.478151 2026] [proxy_fcgi:error] [pid 84349:tid 84354] [client 20.63.32.193:7920] AH01071: Got error 'Primary script unknown'
[Tue May 05 12:39:55.478790 2026] [proxy_fcgi:error] [pid 84349:tid 84367] [client 20.63.32.193:7315] AH01071: Got error 'Primary script unknown'
[Tue May 05 12:39:55.486506 2026] [proxy_fcgi:error] [pid 88089:tid 88095] [client 20.63.32.193:7313] AH01071: Got error 'Primary script unknown'
[Tue May 05 12:39:55.502904 2026] [proxy_fcgi:error] [pid 84349:tid 84358] [client 20.63.32.193:7930] AH01071: Got error 'Primary script unknown'
[Tue May 05 12:39:55.546081 2026] [proxy_fcgi:error] [pid 84357:tid 84398] [client 20.63.32.193:7307] AH01071: Got error 'Primary script unknown'
[Tue May 05 12:39:55.612524 2026] [proxy_fcgi:error] [pid 84407:tid 84412] [client 20.63.32.193:7303] AH01071: Got error 'Primary script unknown'
[Tue May 05 12:39:55.623592 2026] [proxy_fcgi:error] [pid 84319:tid 84344] [client 20.63.32.193:7925] AH01071: Got error 'Primary script unknown'
[Tue May 05 12:39:55.660265 2026] [proxy_fcgi:error] [pid 84319:tid 84326] [client 20.63.32.193:7885] AH01071: Got error 'Primary script unknown'
[Tue May 05 12:39:55.696281 2026] [proxy_fcgi:error] [pid 88089:tid 88099] [client 20.63.32.193:7934] AH01071: Got error 'Primary script unknown'
[Tue May 05 12:39:55.703276 2026] [proxy_fcgi:error] [pid 88089:tid 88095] [client 20.63.32.193:7313] AH01071: Got error 'Primary script unknown'
[Tue May 05 12:39:55.705682 2026] [proxy_fcgi:error] [pid 84349:tid 84367] [client 20.63.32.193:7315] AH01071: Got error 'Primary script unknown'
[Tue May 05 12:39:55.714002 2026] [proxy_fcgi:error] [pid 84349:tid 84354] [client 20.63.32.193:7920] AH01071: Got error 'Primary script unknown'
[Tue May 05 12:39:55.736616 2026] [proxy_fcgi:error] [pid 84349:tid 84358] [client 20.63.32.193:7930] AH01071: Got error 'Primary script unknown'
[Tue May 05 12:39:55.775606 2026] [proxy_fcgi:error] [pid 84357:tid 84398] [client 20.63.32.193:7307] AH01071: Got error 'Primary script unknown'
[Tue May 05 12:39:55.852292 2026] [proxy_fcgi:error] [pid 84319:tid 84344] [client 20.63.32.193:7925] AH01071: Got error 'Primary script unknown'
[Tue May 05 12:39:55.877304 2026] [proxy_fcgi:error] [pid 84319:tid 84326] [client 20.63.32.193:7885] AH01071: Got error 'Primary script unknown'
[Tue May 05 12:39:55.915329 2026] [proxy_fcgi:error] [pid 88089:tid 88099] [client 20.63.32.193:7934] AH01071: Got error 'Primary script unknown'
[Tue May 05 12:39:55.920337 2026] [proxy_fcgi:error] [pid 88089:tid 88095] [client 20.63.32.193:7313] AH01071: Got error 'Primary script unknown'
[Tue May 05 12:39:55.933026 2026] [proxy_fcgi:error] [pid 84349:tid 84367] [client 20.63.32.193:7315] AH01071: Got error 'Primary script unknown'
[Tue May 05 12:39:55.949727 2026] [proxy_fcgi:error] [pid 84349:tid 84354] [client 20.63.32.193:7920] AH01071: Got error 'Primary script unknown'
[Tue May 05 12:39:55.970208 2026] [proxy_fcgi:error] [pid 84349:tid 84358] [client 20.63.32.193:7930] AH01071: Got error 'Primary script unknown'
[Tue May 05 12:39:56.005203 2026] [proxy_fcgi:error] [pid 84357:tid 84398] [client 20.63.32.193:7307] AH01071: Got error 'Primary script unknown'
[Tue May 05 12:39:56.080969 2026] [proxy_fcgi:error] [pid 84319:tid 84344] [client 20.63.32.193:7925] AH01071: Got error 'Primary script unknown'
[Tue May 05 12:39:56.160681 2026] [proxy_fcgi:error] [pid 84349:tid 84367] [client 20.63.32.193:7315] AH01071: Got error 'Primary script unknown'
[Tue May 05 12:39:56.185850 2026] [proxy_fcgi:error] [pid 84349:tid 84354] [client 20.63.32.193:7920] AH01071: Got error 'Primary script unknown'
[Tue May 05 12:39:56.213244 2026] [proxy_fcgi:error] [pid 84349:tid 84358] [client 20.63.32.193:7930] AH01071: Got error 'Primary script unknown'
[Tue May 05 12:39:56.234712 2026] [proxy_fcgi:error] [pid 84357:tid 84398] [client 20.63.32.193:7307] AH01071: Got error 'Primary script unknown'
[Tue May 05 12:39:56.264661 2026] [proxy_fcgi:error] [pid 84407:tid 84412] [client 20.63.32.193:7303] AH01071: Got error 'Primary script unknown'
[Tue May 05 12:39:56.310504 2026] [proxy_fcgi:error] [pid 84319:tid 84344] [client 20.63.32.193:7925] AH01071: Got error 'Primary script unknown'
[Tue May 05 12:39:56.421638 2026] [proxy_fcgi:error] [pid 84349:tid 84354] [client 20.63.32.193:7920] AH01071: Got error 'Primary script unknown'
[Tue May 05 12:39:56.446995 2026] [proxy_fcgi:error] [pid 84349:tid 84358] [client 20.63.32.193:7930] AH01071: Got error 'Primary script unknown'
[Tue May 05 12:39:56.464072 2026] [proxy_fcgi:error] [pid 84357:tid 84398] [client 20.63.32.193:7307] AH01071: Got error 'Primary script unknown'
[Tue May 05 12:39:56.527839 2026] [proxy_fcgi:error] [pid 84319:tid 84326] [client 20.63.32.193:7885] AH01071: Got error 'Primary script unknown'
[Tue May 05 12:39:56.539283 2026] [proxy_fcgi:error] [pid 84319:tid 84344] [client 20.63.32.193:7925] AH01071: Got error 'Primary script unknown'
[Tue May 05 12:39:56.570459 2026] [proxy_fcgi:error] [pid 88089:tid 88095] [client 20.63.32.193:7313] AH01071: Got error 'Primary script unknown'
[Tue May 05 12:39:56.572101 2026] [proxy_fcgi:error] [pid 88089:tid 88099] [client 20.63.32.193:7934] AH01071: Got error 'Primary script unknown'
[Tue May 05 12:39:56.657443 2026] [proxy_fcgi:error] [pid 84349:tid 84354] [client 20.63.32.193:7920] AH01071: Got error 'Primary script unknown'
[Tue May 05 12:39:56.680542 2026] [proxy_fcgi:error] [pid 84349:tid 84358] [client 20.63.32.193:7930] AH01071: Got error 'Primary script unknown'
[Tue May 05 12:39:56.699159 2026] [proxy_fcgi:error] [pid 84407:tid 84412] [client 20.63.32.193:7303] AH01071: Got error 'Primary script unknown'
[Tue May 05 12:39:56.842658 2026] [proxy_fcgi:error] [pid 84349:tid 84367] [client 20.63.32.193:7315] AH01071: Got error 'Primary script unknown'
[Tue May 05 12:39:56.893755 2026] [proxy_fcgi:error] [pid 84349:tid 84354] [client 20.63.32.193:7920] AH01071: Got error 'Primary script unknown'
[Tue May 05 12:39:56.916352 2026] [proxy_fcgi:error] [pid 84407:tid 84412] [client 20.63.32.193:7303] AH01071: Got error 'Primary script unknown'
[Tue May 05 12:39:56.962070 2026] [proxy_fcgi:error] [pid 84319:tid 84326] [client 20.63.32.193:7885] AH01071: Got error 'Primary script unknown'
[Tue May 05 12:39:57.003831 2026] [proxy_fcgi:error] [pid 88089:tid 88095] [client 20.63.32.193:7313] AH01071: Got error 'Primary script unknown'
[Tue May 05 12:39:57.009189 2026] [proxy_fcgi:error] [pid 88089:tid 88099] [client 20.63.32.193:7934] AH01071: Got error 'Primary script unknown'
[Tue May 05 12:39:57.151218 2026] [proxy_fcgi:error] [pid 84357:tid 84398] [client 20.63.32.193:7307] AH01071: Got error 'Primary script unknown'
[Tue May 05 12:39:57.179109 2026] [proxy_fcgi:error] [pid 84319:tid 84326] [client 20.63.32.193:7885] AH01071: Got error 'Primary script unknown'
[Tue May 05 12:39:57.220559 2026] [proxy_fcgi:error] [pid 88089:tid 88095] [client 20.63.32.193:7313] AH01071: Got error 'Primary script unknown'
[Tue May 05 12:39:57.224841 2026] [proxy_fcgi:error] [pid 84319:tid 84344] [client 20.63.32.193:7925] AH01071: Got error 'Primary script unknown'
[Tue May 05 12:39:57.227663 2026] [proxy_fcgi:error] [pid 88089:tid 88099] [client 20.63.32.193:7934] AH01071: Got error 'Primary script unknown'
[Tue May 05 12:39:57.297174 2026] [proxy_fcgi:error] [pid 84349:tid 84367] [client 20.63.32.193:7315] AH01071: Got error 'Primary script unknown'
[Tue May 05 12:39:57.381618 2026] [proxy_fcgi:error] [pid 84349:tid 84358] [client 20.63.32.193:7930] AH01071: Got error 'Primary script unknown'
[Tue May 05 12:39:57.525018 2026] [proxy_fcgi:error] [pid 84349:tid 84367] [client 20.63.32.193:7315] AH01071: Got error 'Primary script unknown'
[Tue May 05 12:39:57.605883 2026] [proxy_fcgi:error] [pid 84349:tid 84354] [client 20.63.32.193:7920] AH01071: Got error 'Primary script unknown'
[Tue May 05 12:39:57.609666 2026] [proxy_fcgi:error] [pid 84357:tid 84398] [client 20.63.32.193:7307] AH01071: Got error 'Primary script unknown'
[Tue May 05 12:39:57.682583 2026] [proxy_fcgi:error] [pid 84319:tid 84344] [client 20.63.32.193:7925] AH01071: Got error 'Primary script unknown'
[Tue May 05 12:39:57.839323 2026] [proxy_fcgi:error] [pid 84357:tid 84398] [client 20.63.32.193:7307] AH01071: Got error 'Primary script unknown'
[Tue May 05 12:39:57.849400 2026] [proxy_fcgi:error] [pid 84349:tid 84358] [client 20.63.32.193:7930] AH01071: Got error 'Primary script unknown'
[Tue May 05 12:39:57.911669 2026] [proxy_fcgi:error] [pid 84319:tid 84344] [client 20.63.32.193:7925] AH01071: Got error 'Primary script unknown'
[Tue May 05 12:39:58.078182 2026] [proxy_fcgi:error] [pid 84349:tid 84354] [client 20.63.32.193:7920] AH01071: Got error 'Primary script unknown'
[Tue May 05 12:39:58.082948 2026] [proxy_fcgi:error] [pid 84349:tid 84358] [client 20.63.32.193:7930] AH01071: Got error 'Primary script unknown'
[Tue May 05 12:39:58.314312 2026] [proxy_fcgi:error] [pid 84349:tid 84354] [client 20.63.32.193:7920] AH01071: Got error 'Primary script unknown'
[Tue May 05 12:41:21.144164 2026] [proxy_fcgi:error] [pid 84357:tid 84389] [client 172.212.188.103:19817] AH01071: Got error 'Primary script unknown'
[Tue May 05 12:41:21.349964 2026] [proxy_fcgi:error] [pid 84357:tid 84389] [client 172.212.188.103:19817] AH01071: Got error 'Primary script unknown'
[Tue May 05 12:41:21.557106 2026] [proxy_fcgi:error] [pid 84357:tid 84389] [client 172.212.188.103:19817] AH01071: Got error 'Primary script unknown'
[Tue May 05 12:41:21.763281 2026] [proxy_fcgi:error] [pid 84357:tid 84389] [client 172.212.188.103:19817] AH01071: Got error 'Primary script unknown'
[Tue May 05 12:41:22.177560 2026] [proxy_fcgi:error] [pid 84357:tid 84389] [client 172.212.188.103:19817] AH01071: Got error 'Primary script unknown'
[Tue May 05 12:41:22.388079 2026] [proxy_fcgi:error] [pid 84357:tid 84389] [client 172.212.188.103:19817] AH01071: Got error 'Primary script unknown'
[Tue May 05 12:41:22.633857 2026] [proxy_fcgi:error] [pid 84357:tid 84389] [client 172.212.188.103:19817] AH01071: Got error 'Primary script unknown'
[Tue May 05 12:41:22.842443 2026] [proxy_fcgi:error] [pid 84357:tid 84389] [client 172.212.188.103:19817] AH01071: Got error 'Primary script unknown'
[Tue May 05 12:41:23.320514 2026] [proxy_fcgi:error] [pid 84357:tid 84389] [client 172.212.188.103:19817] AH01071: Got error 'Primary script unknown'
[Tue May 05 12:41:23.591581 2026] [proxy_fcgi:error] [pid 84357:tid 84389] [client 172.212.188.103:19817] AH01071: Got error 'Primary script unknown'
[Tue May 05 12:41:23.797707 2026] [proxy_fcgi:error] [pid 84357:tid 84389] [client 172.212.188.103:19817] AH01071: Got error 'Primary script unknown'
[Tue May 05 12:41:24.042127 2026] [proxy_fcgi:error] [pid 84357:tid 84389] [client 172.212.188.103:19817] AH01071: Got error 'Primary script unknown'
[Tue May 05 12:41:24.253537 2026] [proxy_fcgi:error] [pid 84357:tid 84389] [client 172.212.188.103:19817] AH01071: Got error 'Primary script unknown'
[Tue May 05 12:41:24.465304 2026] [proxy_fcgi:error] [pid 84357:tid 84389] [client 172.212.188.103:19817] AH01071: Got error 'Primary script unknown'
[Tue May 05 12:41:24.773442 2026] [proxy_fcgi:error] [pid 84357:tid 84389] [client 172.212.188.103:19817] AH01071: Got error 'Primary script unknown'
[Tue May 05 12:41:25.068251 2026] [proxy_fcgi:error] [pid 84357:tid 84389] [client 172.212.188.103:19817] AH01071: Got error 'Primary script unknown'
[Tue May 05 12:41:25.317452 2026] [proxy_fcgi:error] [pid 84357:tid 84389] [client 172.212.188.103:19817] AH01071: Got error 'Primary script unknown'
[Tue May 05 12:41:25.523681 2026] [proxy_fcgi:error] [pid 84357:tid 84389] [client 172.212.188.103:19817] AH01071: Got error 'Primary script unknown'
[Tue May 05 12:41:25.731915 2026] [proxy_fcgi:error] [pid 84357:tid 84389] [client 172.212.188.103:19817] AH01071: Got error 'Primary script unknown'
[Tue May 05 12:41:25.938345 2026] [proxy_fcgi:error] [pid 84357:tid 84389] [client 172.212.188.103:19817] AH01071: Got error 'Primary script unknown'
[Tue May 05 12:41:26.144943 2026] [proxy_fcgi:error] [pid 84357:tid 84389] [client 172.212.188.103:19817] AH01071: Got error 'Primary script unknown'
[Tue May 05 12:41:26.400472 2026] [proxy_fcgi:error] [pid 84357:tid 84389] [client 172.212.188.103:19817] AH01071: Got error 'Primary script unknown'
[Tue May 05 12:41:26.812610 2026] [proxy_fcgi:error] [pid 84357:tid 84389] [client 172.212.188.103:19817] AH01071: Got error 'Primary script unknown'
[Tue May 05 12:41:27.018982 2026] [proxy_fcgi:error] [pid 84357:tid 84389] [client 172.212.188.103:19817] AH01071: Got error 'Primary script unknown'
[Tue May 05 12:41:27.225315 2026] [proxy_fcgi:error] [pid 84357:tid 84389] [client 172.212.188.103:19817] AH01071: Got error 'Primary script unknown'
[Tue May 05 12:41:27.471476 2026] [proxy_fcgi:error] [pid 84357:tid 84389] [client 172.212.188.103:19817] AH01071: Got error 'Primary script unknown'
[Tue May 05 12:41:27.677577 2026] [proxy_fcgi:error] [pid 84357:tid 84389] [client 172.212.188.103:19817] AH01071: Got error 'Primary script unknown'
[Tue May 05 12:41:27.884095 2026] [proxy_fcgi:error] [pid 84357:tid 84389] [client 172.212.188.103:19817] AH01071: Got error 'Primary script unknown'
[Tue May 05 12:41:28.139446 2026] [proxy_fcgi:error] [pid 84357:tid 84389] [client 172.212.188.103:19817] AH01071: Got error 'Primary script unknown'
[Tue May 05 12:41:31.573725 2026] [proxy_fcgi:error] [pid 84357:tid 84389] [client 172.212.188.103:19817] AH01071: Got error 'Primary script unknown'
[Tue May 05 12:41:32.126482 2026] [proxy_fcgi:error] [pid 84357:tid 84389] [client 172.212.188.103:19817] AH01071: Got error 'Primary script unknown'
[Tue May 05 12:41:32.538504 2026] [proxy_fcgi:error] [pid 84357:tid 84389] [client 172.212.188.103:19817] AH01071: Got error 'Primary script unknown'
[Tue May 05 12:41:32.776532 2026] [proxy_fcgi:error] [pid 84357:tid 84389] [client 172.212.188.103:19817] AH01071: Got error 'Primary script unknown'
[Tue May 05 12:41:32.984029 2026] [proxy_fcgi:error] [pid 84357:tid 84389] [client 172.212.188.103:19817] AH01071: Got error 'Primary script unknown'
[Tue May 05 12:41:33.189741 2026] [proxy_fcgi:error] [pid 84357:tid 84389] [client 172.212.188.103:19817] AH01071: Got error 'Primary script unknown'
[Tue May 05 12:41:33.395598 2026] [proxy_fcgi:error] [pid 84357:tid 84389] [client 172.212.188.103:19817] AH01071: Got error 'Primary script unknown'
[Tue May 05 12:41:34.151707 2026] [proxy_fcgi:error] [pid 84357:tid 84389] [client 172.212.188.103:19817] AH01071: Got error 'Primary script unknown'
[Tue May 05 12:41:34.357539 2026] [proxy_fcgi:error] [pid 84357:tid 84389] [client 172.212.188.103:19817] AH01071: Got error 'Primary script unknown'
[Tue May 05 12:41:34.884268 2026] [proxy_fcgi:error] [pid 84357:tid 84389] [client 172.212.188.103:19817] AH01071: Got error 'Primary script unknown'
[Tue May 05 12:41:35.296830 2026] [proxy_fcgi:error] [pid 84357:tid 84389] [client 172.212.188.103:19817] AH01071: Got error 'Primary script unknown'
[Tue May 05 12:41:35.528177 2026] [proxy_fcgi:error] [pid 84357:tid 84389] [client 172.212.188.103:19817] AH01071: Got error 'Primary script unknown'
[Tue May 05 12:41:35.734983 2026] [proxy_fcgi:error] [pid 84357:tid 84389] [client 172.212.188.103:19817] AH01071: Got error 'Primary script unknown'
[Tue May 05 12:41:35.941464 2026] [proxy_fcgi:error] [pid 84357:tid 84389] [client 172.212.188.103:19817] AH01071: Got error 'Primary script unknown'
[Tue May 05 12:41:36.148103 2026] [proxy_fcgi:error] [pid 84357:tid 84389] [client 172.212.188.103:19817] AH01071: Got error 'Primary script unknown'
[Tue May 05 12:41:36.354282 2026] [proxy_fcgi:error] [pid 84357:tid 84389] [client 172.212.188.103:19817] AH01071: Got error 'Primary script unknown'
[Tue May 05 12:41:36.562177 2026] [proxy_fcgi:error] [pid 84357:tid 84389] [client 172.212.188.103:19817] AH01071: Got error 'Primary script unknown'
[Tue May 05 12:41:36.843051 2026] [proxy_fcgi:error] [pid 84357:tid 84389] [client 172.212.188.103:19817] AH01071: Got error 'Primary script unknown'
[Tue May 05 12:41:37.071088 2026] [proxy_fcgi:error] [pid 84357:tid 84389] [client 172.212.188.103:19817] AH01071: Got error 'Primary script unknown'
[Tue May 05 12:41:37.322897 2026] [proxy_fcgi:error] [pid 84357:tid 84389] [client 172.212.188.103:19817] AH01071: Got error 'Primary script unknown'
[Tue May 05 12:41:37.736212 2026] [proxy_fcgi:error] [pid 84357:tid 84389] [client 172.212.188.103:19817] AH01071: Got error 'Primary script unknown'
[Tue May 05 12:41:38.200287 2026] [cgid:error] [pid 84357:tid 84389] [client 172.212.188.103:19817] AH01265: stderr from /home/alfonplumbing/public_html/cgi-bin/: attempt to invoke directory as script
[Tue May 05 12:41:41.220900 2026] [proxy_fcgi:error] [pid 84357:tid 84389] [client 172.212.188.103:19817] AH01071: Got error 'Primary script unknown'
[Tue May 05 12:41:41.427571 2026] [proxy_fcgi:error] [pid 84357:tid 84389] [client 172.212.188.103:19817] AH01071: Got error 'Primary script unknown'
[Tue May 05 12:41:41.635179 2026] [proxy_fcgi:error] [pid 84357:tid 84389] [client 172.212.188.103:19817] AH01071: Got error 'Primary script unknown'
[Tue May 05 12:41:41.842089 2026] [proxy_fcgi:error] [pid 84357:tid 84389] [client 172.212.188.103:19817] AH01071: Got error 'Primary script unknown'
[Tue May 05 12:41:42.071900 2026] [proxy_fcgi:error] [pid 84357:tid 84389] [client 172.212.188.103:19817] AH01071: Got error 'Primary script unknown'
[Tue May 05 12:41:42.280683 2026] [proxy_fcgi:error] [pid 84357:tid 84389] [client 172.212.188.103:19817] AH01071: Got error 'Primary script unknown'
[Tue May 05 12:41:42.342597 2026] [:error] [pid 84407:tid 84427] [client 4.204.197.96:26575] File does not exist: /var/www/html/yellow.php
[Tue May 05 12:41:42.491501 2026] [proxy_fcgi:error] [pid 84357:tid 84389] [client 172.212.188.103:19817] AH01071: Got error 'Primary script unknown'
[Tue May 05 12:41:42.560549 2026] [:error] [pid 84407:tid 84427] [client 4.204.197.96:26575] File does not exist: /var/www/html/wp-thi.php
[Tue May 05 12:41:42.757098 2026] [proxy_fcgi:error] [pid 84357:tid 84389] [client 172.212.188.103:19817] AH01071: Got error 'Primary script unknown'
[Tue May 05 12:41:42.778090 2026] [:error] [pid 84407:tid 84427] [client 4.204.197.96:26575] File does not exist: /var/www/html/wp-slss.php
[Tue May 05 12:41:42.995483 2026] [:error] [pid 84407:tid 84427] [client 4.204.197.96:26575] File does not exist: /var/www/html/wp-load.php
[Tue May 05 12:41:43.018733 2026] [proxy_fcgi:error] [pid 84357:tid 84389] [client 172.212.188.103:19817] AH01071: Got error 'Primary script unknown'
[Tue May 05 12:41:43.213149 2026] [:error] [pid 84407:tid 84427] [client 4.204.197.96:26575] File does not exist: /var/www/html/lib.php
[Tue May 05 12:41:43.273909 2026] [proxy_fcgi:error] [pid 84357:tid 84389] [client 172.212.188.103:19817] AH01071: Got error 'Primary script unknown'
[Tue May 05 12:41:43.430857 2026] [:error] [pid 84407:tid 84427] [client 4.204.197.96:26575] File does not exist: /var/www/html/ah25.php
[Tue May 05 12:41:43.480528 2026] [proxy_fcgi:error] [pid 84357:tid 84389] [client 172.212.188.103:19817] AH01071: Got error 'Primary script unknown'
[Tue May 05 12:41:43.648701 2026] [:error] [pid 84407:tid 84427] [client 4.204.197.96:26575] File does not exist: /var/www/html/revealability.php
[Tue May 05 12:41:43.686934 2026] [proxy_fcgi:error] [pid 84357:tid 84389] [client 172.212.188.103:19817] AH01071: Got error 'Primary script unknown'
[Tue May 05 12:41:43.866345 2026] [:error] [pid 84407:tid 84427] [client 4.204.197.96:26575] File does not exist: /var/www/html/file4.php
[Tue May 05 12:41:43.893266 2026] [proxy_fcgi:error] [pid 84357:tid 84389] [client 172.212.188.103:19817] AH01071: Got error 'Primary script unknown'
[Tue May 05 12:41:44.090633 2026] [:error] [pid 84407:tid 84427] [client 4.204.197.96:26575] File does not exist: /var/www/html/atomlib.php
[Tue May 05 12:41:44.108731 2026] [proxy_fcgi:error] [pid 84357:tid 84389] [client 172.212.188.103:19817] AH01071: Got error 'Primary script unknown'
[Tue May 05 12:41:44.308410 2026] [:error] [pid 84407:tid 84427] [client 4.204.197.96:26575] File does not exist: /var/www/html/file30.php
[Tue May 05 12:41:44.418086 2026] [proxy_fcgi:error] [pid 84357:tid 84389] [client 172.212.188.103:19817] AH01071: Got error 'Primary script unknown'
[Tue May 05 12:41:44.526112 2026] [:error] [pid 84407:tid 84427] [client 4.204.197.96:26575] File does not exist: /var/www/html/forbidals.php
[Tue May 05 12:41:44.744146 2026] [:error] [pid 84407:tid 84427] [client 4.204.197.96:26575] File does not exist: /var/www/html/wp-firewall.php
[Tue May 05 12:41:44.962258 2026] [:error] [pid 84407:tid 84427] [client 4.204.197.96:26575] File does not exist: /var/www/html/tires.php
[Tue May 05 12:41:45.179901 2026] [:error] [pid 84407:tid 84427] [client 4.204.197.96:26575] File does not exist: /var/www/html/shell20211028.php
[Tue May 05 12:41:45.397697 2026] [:error] [pid 84407:tid 84427] [client 4.204.197.96:26575] File does not exist: /var/www/html/wuasr.php
[Tue May 05 12:41:45.614974 2026] [:error] [pid 84407:tid 84427] [client 4.204.197.96:26575] File does not exist: /var/www/html/1index.php
[Tue May 05 12:41:45.650751 2026] [proxy_fcgi:error] [pid 84357:tid 84386] [client 172.212.188.103:20036] AH01071: Got error 'Primary script unknown'
[Tue May 05 12:41:45.833167 2026] [:error] [pid 84407:tid 84427] [client 4.204.197.96:26575] File does not exist: /var/www/html/ff1.php
[Tue May 05 12:41:45.859319 2026] [proxy_fcgi:error] [pid 84357:tid 84386] [client 172.212.188.103:20036] AH01071: Got error 'Primary script unknown'
[Tue May 05 12:41:46.051057 2026] [:error] [pid 84407:tid 84427] [client 4.204.197.96:26575] File does not exist: /var/www/html/png.php
[Tue May 05 12:41:46.071338 2026] [proxy_fcgi:error] [pid 84357:tid 84386] [client 172.212.188.103:20036] AH01071: Got error 'Primary script unknown'
[Tue May 05 12:41:46.269299 2026] [:error] [pid 84407:tid 84427] [client 4.204.197.96:26575] File does not exist: /var/www/html/x.php
[Tue May 05 12:41:46.486899 2026] [:error] [pid 84407:tid 84427] [client 4.204.197.96:26575] File does not exist: /var/www/html/yas.php
[Tue May 05 12:41:46.568588 2026] [proxy_fcgi:error] [pid 84357:tid 84386] [client 172.212.188.103:20036] AH01071: Got error 'Primary script unknown'
[Tue May 05 12:41:46.704998 2026] [:error] [pid 84407:tid 84427] [client 4.204.197.96:26575] File does not exist: /var/www/html/dropdown.php
[Tue May 05 12:41:46.835476 2026] [proxy_fcgi:error] [pid 84357:tid 84386] [client 172.212.188.103:20036] AH01071: Got error 'Primary script unknown'
[Tue May 05 12:41:46.922775 2026] [:error] [pid 84407:tid 84427] [client 4.204.197.96:26575] File does not exist: /var/www/html/wp-access.php
[Tue May 05 12:41:47.091050 2026] [proxy_fcgi:error] [pid 84357:tid 84386] [client 172.212.188.103:20036] AH01071: Got error 'Primary script unknown'
[Tue May 05 12:41:47.140639 2026] [:error] [pid 84407:tid 84427] [client 4.204.197.96:26575] File does not exist: /var/www/html/fun.php
[Tue May 05 12:41:47.357847 2026] [:error] [pid 84407:tid 84427] [client 4.204.197.96:26575] File does not exist: /var/www/html/bthil.php
[Tue May 05 12:41:47.575277 2026] [:error] [pid 84407:tid 84427] [client 4.204.197.96:26575] File does not exist: /var/www/html/wp-kd4xalrg7m.php
[Tue May 05 12:41:47.792567 2026] [:error] [pid 84407:tid 84427] [client 4.204.197.96:26575] File does not exist: /var/www/html/333.php
[Tue May 05 12:41:48.227611 2026] [:error] [pid 84407:tid 84427] [client 4.204.197.96:26575] File does not exist: /var/www/html/ftde.php
[Tue May 05 12:41:48.445486 2026] [:error] [pid 84407:tid 84427] [client 4.204.197.96:26575] File does not exist: /var/www/html/wp-trackback.php
[Tue May 05 12:41:48.880491 2026] [:error] [pid 84407:tid 84427] [client 4.204.197.96:26575] File does not exist: /var/www/html/new.php
[Tue May 05 12:41:49.098428 2026] [:error] [pid 84407:tid 84427] [client 4.204.197.96:26575] File does not exist: /var/www/html/aevly.php
[Tue May 05 12:41:49.316033 2026] [:error] [pid 84407:tid 84427] [client 4.204.197.96:26575] File does not exist: /var/www/html/app.php
[Tue May 05 12:41:49.533296 2026] [:error] [pid 84407:tid 84427] [client 4.204.197.96:26575] File does not exist: /var/www/html/txets.php
[Tue May 05 12:41:49.750930 2026] [:error] [pid 84407:tid 84427] [client 4.204.197.96:26575] File does not exist: /var/www/html/file59.php
[Tue May 05 12:41:49.968449 2026] [:error] [pid 84407:tid 84427] [client 4.204.197.96:26575] File does not exist: /var/www/html/albin.php
[Tue May 05 12:41:50.185699 2026] [:error] [pid 84407:tid 84427] [client 4.204.197.96:26575] File does not exist: /var/www/html/lala.php
[Tue May 05 12:41:50.403273 2026] [:error] [pid 84407:tid 84427] [client 4.204.197.96:26575] File does not exist: /var/www/html/wp-at.php
[Tue May 05 12:41:50.620799 2026] [:error] [pid 84407:tid 84427] [client 4.204.197.96:26575] File does not exist: /var/www/html/wp.php
[Tue May 05 12:41:50.838536 2026] [:error] [pid 84407:tid 84427] [client 4.204.197.96:26575] File does not exist: /var/www/html/sys.php
[Tue May 05 12:41:51.057549 2026] [:error] [pid 84407:tid 84427] [client 4.204.197.96:26575] File does not exist: /var/www/html/lv.php
[Tue May 05 12:41:51.275072 2026] [:error] [pid 84407:tid 84427] [client 4.204.197.96:26575] File does not exist: /var/www/html/wp-good.php
[Tue May 05 12:41:51.492611 2026] [:error] [pid 84407:tid 84427] [client 4.204.197.96:26575] File does not exist: /var/www/html/db.php
[Tue May 05 12:41:51.710449 2026] [:error] [pid 84407:tid 84427] [client 4.204.197.96:26575] File does not exist: /var/www/html/z.php
[Tue May 05 12:41:51.930279 2026] [:error] [pid 84407:tid 84427] [client 4.204.197.96:26575] File does not exist: /var/www/html/wp-the.php
[Tue May 05 12:41:52.148053 2026] [:error] [pid 84407:tid 84427] [client 4.204.197.96:26575] File does not exist: /var/www/html/ok.php
[Tue May 05 12:41:52.366258 2026] [:error] [pid 84407:tid 84427] [client 4.204.197.96:26575] File does not exist: /var/www/html/ccou.php
[Tue May 05 12:41:52.583506 2026] [:error] [pid 84407:tid 84427] [client 4.204.197.96:26575] File does not exist: /var/www/html/samll.php
[Tue May 05 12:41:52.801128 2026] [:error] [pid 84407:tid 84427] [client 4.204.197.96:26575] File does not exist: /var/www/html/edit.php
[Tue May 05 12:41:53.018709 2026] [:error] [pid 84407:tid 84427] [client 4.204.197.96:26575] File does not exist: /var/www/html/xda.php
[Tue May 05 12:41:53.235947 2026] [:error] [pid 84407:tid 84427] [client 4.204.197.96:26575] File does not exist: /var/www/html/sbhu.php
[Tue May 05 12:41:54.418116 2026] [authz_core:error] [pid 84357:tid 84394] [client 20.210.184.97:4403] AH01630: client denied by server configuration: /home/top/public_html/wp-includes/fonts/index.php
[Tue May 05 12:41:59.162736 2026] [proxy_fcgi:error] [pid 84357:tid 84384] [client 52.246.165.173:1960] AH01071: Got error 'Primary script unknown'
[Tue May 05 12:41:59.231626 2026] [proxy_fcgi:error] [pid 84357:tid 84384] [client 52.246.165.173:1960] AH01071: Got error 'Primary script unknown'
[Tue May 05 12:41:59.300607 2026] [proxy_fcgi:error] [pid 84357:tid 84384] [client 52.246.165.173:1960] AH01071: Got error 'Primary script unknown'
[Tue May 05 12:41:59.369791 2026] [proxy_fcgi:error] [pid 84357:tid 84384] [client 52.246.165.173:1960] AH01071: Got error 'Primary script unknown'
[Tue May 05 12:41:59.513162 2026] [proxy_fcgi:error] [pid 84357:tid 84384] [client 52.246.165.173:1960] AH01071: Got error 'Primary script unknown'
[Tue May 05 12:41:59.582286 2026] [proxy_fcgi:error] [pid 84357:tid 84384] [client 52.246.165.173:1960] AH01071: Got error 'Primary script unknown'
[Tue May 05 12:41:59.652213 2026] [proxy_fcgi:error] [pid 84357:tid 84384] [client 52.246.165.173:1960] AH01071: Got error 'Primary script unknown'
[Tue May 05 12:41:59.754422 2026] [proxy_fcgi:error] [pid 84357:tid 84384] [client 52.246.165.173:1960] AH01071: Got error 'Primary script unknown'
[Tue May 05 12:41:59.823628 2026] [proxy_fcgi:error] [pid 84357:tid 84384] [client 52.246.165.173:1960] AH01071: Got error 'Primary script unknown'
[Tue May 05 12:41:59.892592 2026] [proxy_fcgi:error] [pid 84357:tid 84384] [client 52.246.165.173:1960] AH01071: Got error 'Primary script unknown'
[Tue May 05 12:41:59.961542 2026] [proxy_fcgi:error] [pid 84357:tid 84384] [client 52.246.165.173:1960] AH01071: Got error 'Primary script unknown'
[Tue May 05 12:42:00.030912 2026] [proxy_fcgi:error] [pid 84357:tid 84384] [client 52.246.165.173:1960] AH01071: Got error 'Primary script unknown'
[Tue May 05 12:42:00.100052 2026] [proxy_fcgi:error] [pid 84357:tid 84384] [client 52.246.165.173:1960] AH01071: Got error 'Primary script unknown'
[Tue May 05 12:42:00.168960 2026] [proxy_fcgi:error] [pid 84357:tid 84384] [client 52.246.165.173:1960] AH01071: Got error 'Primary script unknown'
[Tue May 05 12:42:00.238109 2026] [proxy_fcgi:error] [pid 84357:tid 84384] [client 52.246.165.173:1960] AH01071: Got error 'Primary script unknown'
[Tue May 05 12:42:00.308104 2026] [proxy_fcgi:error] [pid 84357:tid 84384] [client 52.246.165.173:1960] AH01071: Got error 'Primary script unknown'
[Tue May 05 12:42:00.377569 2026] [proxy_fcgi:error] [pid 84357:tid 84384] [client 52.246.165.173:1960] AH01071: Got error 'Primary script unknown'
[Tue May 05 12:42:00.446733 2026] [proxy_fcgi:error] [pid 84357:tid 84384] [client 52.246.165.173:1960] AH01071: Got error 'Primary script unknown'
[Tue May 05 12:42:00.654522 2026] [proxy_fcgi:error] [pid 84357:tid 84384] [client 52.246.165.173:1960] AH01071: Got error 'Primary script unknown'
[Tue May 05 12:42:00.723840 2026] [proxy_fcgi:error] [pid 84357:tid 84384] [client 52.246.165.173:1960] AH01071: Got error 'Primary script unknown'
[Tue May 05 12:42:00.817618 2026] [proxy_fcgi:error] [pid 84357:tid 84384] [client 52.246.165.173:1960] AH01071: Got error 'Primary script unknown'
[Tue May 05 12:42:17.482613 2026] [:error] [pid 84407:tid 84418] [client 20.29.119.89:65012] File does not exist: /var/www/html/yellow.php
[Tue May 05 12:42:17.679317 2026] [:error] [pid 84407:tid 84418] [client 20.29.119.89:65012] File does not exist: /var/www/html/wp-thi.php
[Tue May 05 12:42:17.875950 2026] [:error] [pid 84407:tid 84418] [client 20.29.119.89:65012] File does not exist: /var/www/html/wp-slss.php
[Tue May 05 12:42:18.073421 2026] [:error] [pid 84407:tid 84418] [client 20.29.119.89:65012] File does not exist: /var/www/html/wp-load.php
[Tue May 05 12:42:18.269995 2026] [:error] [pid 84407:tid 84418] [client 20.29.119.89:65012] File does not exist: /var/www/html/lib.php
[Tue May 05 12:42:18.466221 2026] [:error] [pid 84407:tid 84418] [client 20.29.119.89:65012] File does not exist: /var/www/html/ah25.php
[Tue May 05 12:42:18.662867 2026] [:error] [pid 84407:tid 84418] [client 20.29.119.89:65012] File does not exist: /var/www/html/revealability.php
[Tue May 05 12:42:18.860092 2026] [:error] [pid 84407:tid 84418] [client 20.29.119.89:65012] File does not exist: /var/www/html/file4.php
[Tue May 05 12:42:19.057893 2026] [:error] [pid 84407:tid 84418] [client 20.29.119.89:65012] File does not exist: /var/www/html/atomlib.php
[Tue May 05 12:42:19.254829 2026] [:error] [pid 84407:tid 84418] [client 20.29.119.89:65012] File does not exist: /var/www/html/file30.php
[Tue May 05 12:42:19.451634 2026] [:error] [pid 84407:tid 84418] [client 20.29.119.89:65012] File does not exist: /var/www/html/forbidals.php
[Tue May 05 12:42:19.648496 2026] [:error] [pid 84407:tid 84418] [client 20.29.119.89:65012] File does not exist: /var/www/html/wp-firewall.php
[Tue May 05 12:42:19.845345 2026] [:error] [pid 84407:tid 84418] [client 20.29.119.89:65012] File does not exist: /var/www/html/tires.php
[Tue May 05 12:42:20.042186 2026] [:error] [pid 84407:tid 84418] [client 20.29.119.89:65012] File does not exist: /var/www/html/shell20211028.php
[Tue May 05 12:42:20.238792 2026] [:error] [pid 84407:tid 84418] [client 20.29.119.89:65012] File does not exist: /var/www/html/wuasr.php
[Tue May 05 12:42:20.435706 2026] [:error] [pid 84407:tid 84418] [client 20.29.119.89:65012] File does not exist: /var/www/html/1index.php
[Tue May 05 12:42:20.632663 2026] [:error] [pid 84407:tid 84418] [client 20.29.119.89:65012] File does not exist: /var/www/html/ff1.php
[Tue May 05 12:42:20.829982 2026] [:error] [pid 84407:tid 84418] [client 20.29.119.89:65012] File does not exist: /var/www/html/png.php
[Tue May 05 12:42:21.026900 2026] [:error] [pid 84407:tid 84418] [client 20.29.119.89:65012] File does not exist: /var/www/html/x.php
[Tue May 05 12:42:21.223432 2026] [:error] [pid 84407:tid 84418] [client 20.29.119.89:65012] File does not exist: /var/www/html/yas.php
[Tue May 05 12:42:21.423672 2026] [:error] [pid 84407:tid 84418] [client 20.29.119.89:65012] File does not exist: /var/www/html/dropdown.php
[Tue May 05 12:42:21.620581 2026] [:error] [pid 84407:tid 84418] [client 20.29.119.89:65012] File does not exist: /var/www/html/wp-access.php
[Tue May 05 12:42:21.817208 2026] [:error] [pid 84407:tid 84418] [client 20.29.119.89:65012] File does not exist: /var/www/html/fun.php
[Tue May 05 12:42:22.018999 2026] [:error] [pid 84407:tid 84418] [client 20.29.119.89:65012] File does not exist: /var/www/html/bthil.php
[Tue May 05 12:42:22.215723 2026] [:error] [pid 84407:tid 84418] [client 20.29.119.89:65012] File does not exist: /var/www/html/wp-kd4xalrg7m.php
[Tue May 05 12:42:22.412146 2026] [:error] [pid 84407:tid 84418] [client 20.29.119.89:65012] File does not exist: /var/www/html/333.php
[Tue May 05 12:42:22.805526 2026] [:error] [pid 84407:tid 84418] [client 20.29.119.89:65012] File does not exist: /var/www/html/ftde.php
[Tue May 05 12:42:23.002512 2026] [:error] [pid 84407:tid 84418] [client 20.29.119.89:65012] File does not exist: /var/www/html/wp-trackback.php
[Tue May 05 12:42:23.396018 2026] [:error] [pid 84407:tid 84418] [client 20.29.119.89:65012] File does not exist: /var/www/html/new.php
[Tue May 05 12:42:23.592440 2026] [:error] [pid 84407:tid 84418] [client 20.29.119.89:65012] File does not exist: /var/www/html/aevly.php
[Tue May 05 12:42:23.789106 2026] [:error] [pid 84407:tid 84418] [client 20.29.119.89:65012] File does not exist: /var/www/html/app.php
[Tue May 05 12:42:23.990532 2026] [:error] [pid 84407:tid 84418] [client 20.29.119.89:65012] File does not exist: /var/www/html/txets.php
[Tue May 05 12:42:24.187392 2026] [:error] [pid 84407:tid 84418] [client 20.29.119.89:65012] File does not exist: /var/www/html/file59.php
[Tue May 05 12:42:24.383451 2026] [:error] [pid 84407:tid 84418] [client 20.29.119.89:65012] File does not exist: /var/www/html/albin.php
[Tue May 05 12:42:24.579673 2026] [:error] [pid 84407:tid 84418] [client 20.29.119.89:65012] File does not exist: /var/www/html/lala.php
[Tue May 05 12:42:24.775942 2026] [:error] [pid 84407:tid 84418] [client 20.29.119.89:65012] File does not exist: /var/www/html/wp-at.php
[Tue May 05 12:42:24.973094 2026] [:error] [pid 84407:tid 84418] [client 20.29.119.89:65012] File does not exist: /var/www/html/wp.php
[Tue May 05 12:42:25.169431 2026] [:error] [pid 84407:tid 84418] [client 20.29.119.89:65012] File does not exist: /var/www/html/sys.php
[Tue May 05 12:42:25.366425 2026] [:error] [pid 84407:tid 84418] [client 20.29.119.89:65012] File does not exist: /var/www/html/lv.php
[Tue May 05 12:42:25.563691 2026] [:error] [pid 84407:tid 84418] [client 20.29.119.89:65012] File does not exist: /var/www/html/wp-good.php
[Tue May 05 12:42:25.760803 2026] [:error] [pid 84407:tid 84418] [client 20.29.119.89:65012] File does not exist: /var/www/html/db.php
[Tue May 05 12:42:25.957690 2026] [:error] [pid 84407:tid 84418] [client 20.29.119.89:65012] File does not exist: /var/www/html/z.php
[Tue May 05 12:42:26.154920 2026] [:error] [pid 84407:tid 84418] [client 20.29.119.89:65012] File does not exist: /var/www/html/wp-the.php
[Tue May 05 12:42:26.351213 2026] [:error] [pid 84407:tid 84418] [client 20.29.119.89:65012] File does not exist: /var/www/html/ok.php
[Tue May 05 12:42:26.548241 2026] [:error] [pid 84407:tid 84418] [client 20.29.119.89:65012] File does not exist: /var/www/html/ccou.php
[Tue May 05 12:42:26.745005 2026] [:error] [pid 84407:tid 84418] [client 20.29.119.89:65012] File does not exist: /var/www/html/samll.php
[Tue May 05 12:42:26.941481 2026] [:error] [pid 84407:tid 84418] [client 20.29.119.89:65012] File does not exist: /var/www/html/edit.php
[Tue May 05 12:42:27.138256 2026] [:error] [pid 84407:tid 84418] [client 20.29.119.89:65012] File does not exist: /var/www/html/xda.php
[Tue May 05 12:42:27.335198 2026] [:error] [pid 84407:tid 84418] [client 20.29.119.89:65012] File does not exist: /var/www/html/sbhu.php
[Tue May 05 12:43:01.189779 2026] [authz_core:error] [pid 88089:tid 88103] [client 172.212.188.103:4920] AH01630: client denied by server configuration: /home/orangecom/public_html/wp-includes/error_log
[Tue May 05 12:43:03.845857 2026] [authz_core:error] [pid 88089:tid 88103] [client 172.212.188.103:4920] AH01630: client denied by server configuration: /home/orangecom/public_html/wp-includes/html-api/error_log
[Tue May 05 12:45:58.431843 2026] [:error] [pid 84357:tid 84390] [client 20.29.119.89:28641] File does not exist: /var/www/html/yellow.php
[Tue May 05 12:45:58.639494 2026] [:error] [pid 84357:tid 84390] [client 20.29.119.89:28641] File does not exist: /var/www/html/wp-thi.php
[Tue May 05 12:45:59.136594 2026] [:error] [pid 84357:tid 84390] [client 20.29.119.89:28641] File does not exist: /var/www/html/wp-slss.php
[Tue May 05 12:45:59.460093 2026] [:error] [pid 84357:tid 84390] [client 20.29.119.89:28641] File does not exist: /var/www/html/wp-load.php
[Tue May 05 12:45:59.679326 2026] [:error] [pid 84357:tid 84390] [client 20.29.119.89:28641] File does not exist: /var/www/html/lib.php
[Tue May 05 12:45:59.888305 2026] [:error] [pid 84357:tid 84390] [client 20.29.119.89:28641] File does not exist: /var/www/html/ah25.php
[Tue May 05 12:46:00.096003 2026] [:error] [pid 84357:tid 84390] [client 20.29.119.89:28641] File does not exist: /var/www/html/revealability.php
[Tue May 05 12:46:00.389829 2026] [:error] [pid 84357:tid 84390] [client 20.29.119.89:28641] File does not exist: /var/www/html/file4.php
[Tue May 05 12:46:00.597227 2026] [:error] [pid 84357:tid 84390] [client 20.29.119.89:28641] File does not exist: /var/www/html/atomlib.php
[Tue May 05 12:46:00.837342 2026] [:error] [pid 84357:tid 84390] [client 20.29.119.89:28641] File does not exist: /var/www/html/file30.php
[Tue May 05 12:46:01.122670 2026] [:error] [pid 84357:tid 84390] [client 20.29.119.89:28641] File does not exist: /var/www/html/forbidals.php
[Tue May 05 12:46:01.338130 2026] [:error] [pid 84357:tid 84390] [client 20.29.119.89:28641] File does not exist: /var/www/html/wp-firewall.php
[Tue May 05 12:46:01.545772 2026] [:error] [pid 84357:tid 84390] [client 20.29.119.89:28641] File does not exist: /var/www/html/tires.php
[Tue May 05 12:46:01.768209 2026] [:error] [pid 84357:tid 84390] [client 20.29.119.89:28641] File does not exist: /var/www/html/shell20211028.php
[Tue May 05 12:46:02.100184 2026] [:error] [pid 84357:tid 84390] [client 20.29.119.89:28641] File does not exist: /var/www/html/wuasr.php
[Tue May 05 12:46:02.325646 2026] [:error] [pid 84357:tid 84390] [client 20.29.119.89:28641] File does not exist: /var/www/html/1index.php
[Tue May 05 12:46:02.541611 2026] [:error] [pid 84357:tid 84390] [client 20.29.119.89:28641] File does not exist: /var/www/html/ff1.php
[Tue May 05 12:46:02.749101 2026] [:error] [pid 84357:tid 84390] [client 20.29.119.89:28641] File does not exist: /var/www/html/png.php
[Tue May 05 12:46:02.957832 2026] [:error] [pid 84357:tid 84390] [client 20.29.119.89:28641] File does not exist: /var/www/html/x.php
[Tue May 05 12:46:03.203089 2026] [:error] [pid 84357:tid 84390] [client 20.29.119.89:28641] File does not exist: /var/www/html/yas.php
[Tue May 05 12:46:03.524834 2026] [:error] [pid 84357:tid 84390] [client 20.29.119.89:28641] File does not exist: /var/www/html/dropdown.php
[Tue May 05 12:46:03.732293 2026] [:error] [pid 84357:tid 84390] [client 20.29.119.89:28641] File does not exist: /var/www/html/wp-access.php
[Tue May 05 12:46:03.940242 2026] [:error] [pid 84357:tid 84390] [client 20.29.119.89:28641] File does not exist: /var/www/html/fun.php
[Tue May 05 12:46:04.149448 2026] [:error] [pid 84357:tid 84390] [client 20.29.119.89:28641] File does not exist: /var/www/html/bthil.php
[Tue May 05 12:46:04.356198 2026] [:error] [pid 84357:tid 84390] [client 20.29.119.89:28641] File does not exist: /var/www/html/wp-kd4xalrg7m.php
[Tue May 05 12:46:04.620079 2026] [:error] [pid 84357:tid 84390] [client 20.29.119.89:28641] File does not exist: /var/www/html/333.php
[Tue May 05 12:46:05.033747 2026] [:error] [pid 84357:tid 84390] [client 20.29.119.89:28641] File does not exist: /var/www/html/ftde.php
[Tue May 05 12:46:05.240720 2026] [:error] [pid 84357:tid 84390] [client 20.29.119.89:28641] File does not exist: /var/www/html/wp-trackback.php
[Tue May 05 12:46:05.668963 2026] [:error] [pid 84357:tid 84390] [client 20.29.119.89:28641] File does not exist: /var/www/html/new.php
[Tue May 05 12:46:05.875637 2026] [:error] [pid 84357:tid 84390] [client 20.29.119.89:28641] File does not exist: /var/www/html/aevly.php
[Tue May 05 12:46:06.082925 2026] [:error] [pid 84357:tid 84390] [client 20.29.119.89:28641] File does not exist: /var/www/html/app.php
[Tue May 05 12:46:06.302875 2026] [:error] [pid 84357:tid 84390] [client 20.29.119.89:28641] File does not exist: /var/www/html/txets.php
[Tue May 05 12:46:06.578974 2026] [:error] [pid 84357:tid 84390] [client 20.29.119.89:28641] File does not exist: /var/www/html/file59.php
[Tue May 05 12:46:06.793792 2026] [:error] [pid 84357:tid 84390] [client 20.29.119.89:28641] File does not exist: /var/www/html/albin.php
[Tue May 05 12:46:07.277538 2026] [:error] [pid 84357:tid 84390] [client 20.29.119.89:28641] File does not exist: /var/www/html/lala.php
[Tue May 05 12:46:07.484614 2026] [:error] [pid 84357:tid 84390] [client 20.29.119.89:28641] File does not exist: /var/www/html/wp-at.php
[Tue May 05 12:46:07.692748 2026] [:error] [pid 84357:tid 84390] [client 20.29.119.89:28641] File does not exist: /var/www/html/wp.php
[Tue May 05 12:46:07.899636 2026] [:error] [pid 84357:tid 84390] [client 20.29.119.89:28641] File does not exist: /var/www/html/sys.php
[Tue May 05 12:46:08.107081 2026] [:error] [pid 84357:tid 84390] [client 20.29.119.89:28641] File does not exist: /var/www/html/lv.php
[Tue May 05 12:46:08.319637 2026] [:error] [pid 84357:tid 84390] [client 20.29.119.89:28641] File does not exist: /var/www/html/wp-good.php
[Tue May 05 12:46:08.639299 2026] [:error] [pid 84357:tid 84390] [client 20.29.119.89:28641] File does not exist: /var/www/html/db.php
[Tue May 05 12:46:08.983411 2026] [:error] [pid 84357:tid 84390] [client 20.29.119.89:28641] File does not exist: /var/www/html/z.php
[Tue May 05 12:46:09.250926 2026] [:error] [pid 84357:tid 84390] [client 20.29.119.89:28641] File does not exist: /var/www/html/wp-the.php
[Tue May 05 12:46:09.471173 2026] [:error] [pid 84357:tid 84390] [client 20.29.119.89:28641] File does not exist: /var/www/html/ok.php
[Tue May 05 12:46:09.677925 2026] [:error] [pid 84357:tid 84390] [client 20.29.119.89:28641] File does not exist: /var/www/html/ccou.php
[Tue May 05 12:46:09.996889 2026] [:error] [pid 84357:tid 84390] [client 20.29.119.89:28641] File does not exist: /var/www/html/samll.php
[Tue May 05 12:46:10.306109 2026] [:error] [pid 84357:tid 84390] [client 20.29.119.89:28641] File does not exist: /var/www/html/edit.php
[Tue May 05 12:46:10.513473 2026] [:error] [pid 84357:tid 84390] [client 20.29.119.89:28641] File does not exist: /var/www/html/xda.php
[Tue May 05 12:46:10.786003 2026] [:error] [pid 84357:tid 84390] [client 20.29.119.89:28641] File does not exist: /var/www/html/sbhu.php
[Tue May 05 12:50:33.831477 2026] [authz_core:error] [pid 84407:tid 84425] [client 95.111.235.131:56460] AH01630: client denied by server configuration: /home/hdbplumbercom/public_html/wp-content/uploads/sucuri/index.php, referer: binance.com
[Tue May 05 12:53:48.146717 2026] [proxy_fcgi:error] [pid 84407:tid 84433] [client 172.212.188.103:5034] AH01071: Got error 'Primary script unknown'
[Tue May 05 12:53:48.347844 2026] [proxy_fcgi:error] [pid 84407:tid 84433] [client 172.212.188.103:5034] AH01071: Got error 'Primary script unknown'
[Tue May 05 12:53:48.587160 2026] [proxy_fcgi:error] [pid 84407:tid 84433] [client 172.212.188.103:5034] AH01071: Got error 'Primary script unknown'
[Tue May 05 12:53:48.788503 2026] [proxy_fcgi:error] [pid 84407:tid 84433] [client 172.212.188.103:5034] AH01071: Got error 'Primary script unknown'
[Tue May 05 12:53:49.207841 2026] [proxy_fcgi:error] [pid 84407:tid 84433] [client 172.212.188.103:5034] AH01071: Got error 'Primary script unknown'
[Tue May 05 12:53:49.448939 2026] [proxy_fcgi:error] [pid 84407:tid 84433] [client 172.212.188.103:5034] AH01071: Got error 'Primary script unknown'
[Tue May 05 12:53:49.650335 2026] [proxy_fcgi:error] [pid 84407:tid 84433] [client 172.212.188.103:5034] AH01071: Got error 'Primary script unknown'
