[Tue May 05 11:43:40.927921 2026] [proxy_fcgi:error] [pid 77841:tid 77866] [client 52.246.165.173:7926] AH01071: Got error 'Primary script unknown'
[Tue May 05 11:43:41.159965 2026] [proxy_fcgi:error] [pid 77841:tid 77866] [client 52.246.165.173:7926] AH01071: Got error 'Primary script unknown'
[Tue May 05 11:43:41.230388 2026] [proxy_fcgi:error] [pid 77841:tid 77866] [client 52.246.165.173:7926] AH01071: Got error 'Primary script unknown'
[Tue May 05 11:43:41.309158 2026] [proxy_fcgi:error] [pid 77841:tid 77866] [client 52.246.165.173:7926] AH01071: Got error 'Primary script unknown'
[Tue May 05 11:43:50.014405 2026] [proxy_fcgi:error] [pid 77836:tid 77934] [client 41.76.214.94:54652] AH01071: Got error 'Primary script unknown'
[Tue May 05 11:43:51.255540 2026] [proxy_fcgi:error] [pid 77841:tid 77868] [client 103.211.200.45:54036] AH01071: Got error 'Primary script unknown'
[Tue May 05 11:43:59.049514 2026] [mpm_worker:notice] [pid 53650:tid 53650] AH00297: SIGUSR1 received.  Doing graceful restart
[Tue May 05 11:43:59.139325 2026] [mpm_worker:notice] [pid 53650:tid 53650] AH00292: Apache/2.4.67 (cPanel) OpenSSL/3.5.1 mod_bwlimited/1.4 configured -- resuming normal operations
[Tue May 05 11:43:59.139373 2026] [core:notice] [pid 53650:tid 53650] AH00094: Command line: '/usr/sbin/httpd'
[Tue May 05 11:43:59.636794 2026] [log_config:warn] [pid 77841:tid 77870] (32)Broken pipe: [client 3.208.156.9:38583] AH00646: Error writing to |/usr/local/cpanel/bin/splitlogs --dir=/etc/apache2/logs/domlogs --main=v22519141.sin01.serveradd.com --suffix=-bytes_log
[Tue May 05 11:43:59.636852 2026] [log_config:warn] [pid 77841:tid 77870] (32)Broken pipe: [client 3.208.156.9:38583] AH00646: Error writing to |/usr/local/cpanel/bin/splitlogs --main=apache-traffic.log --mainout=/var/log/cpanel-server-traffic/web/traffic-apache.log
[Tue May 05 11:43:59.636862 2026] [log_config:warn] [pid 77841:tid 77870] (32)Broken pipe: [client 3.208.156.9:38583] AH00646: Error writing to |/usr/local/cpanel/bin/splitlogs --dir=/etc/apache2/logs/domlogs --main=v22519141.sin01.serveradd.com --mainout=/etc/apache2/logs/access_log
[Tue May 05 11:44:08.071483 2026] [proxy_fcgi:error] [pid 78093:tid 78187] [client 45.124.84.150:42194] AH01071: Got error 'Primary script unknown'
[Tue May 05 11:44:09.340841 2026] [proxy_fcgi:error] [pid 78092:tid 78113] [client 20.205.100.103:2720] AH01071: Got error 'Primary script unknown'
[Tue May 05 11:44:09.384280 2026] [proxy_fcgi:error] [pid 78092:tid 78113] [client 20.205.100.103:2720] AH01071: Got error 'Primary script unknown'
[Tue May 05 11:44:09.428528 2026] [proxy_fcgi:error] [pid 78092:tid 78113] [client 20.205.100.103:2720] AH01071: Got error 'Primary script unknown'
[Tue May 05 11:44:09.478686 2026] [proxy_fcgi:error] [pid 78092:tid 78113] [client 20.205.100.103:2720] AH01071: Got error 'Primary script unknown'
[Tue May 05 11:44:09.522426 2026] [proxy_fcgi:error] [pid 78092:tid 78113] [client 20.205.100.103:2720] AH01071: Got error 'Primary script unknown'
[Tue May 05 11:44:09.566216 2026] [proxy_fcgi:error] [pid 78092:tid 78113] [client 20.205.100.103:2720] AH01071: Got error 'Primary script unknown'
[Tue May 05 11:44:09.617413 2026] [proxy_fcgi:error] [pid 78092:tid 78113] [client 20.205.100.103:2720] AH01071: Got error 'Primary script unknown'
[Tue May 05 11:44:09.661517 2026] [proxy_fcgi:error] [pid 78092:tid 78113] [client 20.205.100.103:2720] AH01071: Got error 'Primary script unknown'
[Tue May 05 11:44:09.714899 2026] [proxy_fcgi:error] [pid 78092:tid 78113] [client 20.205.100.103:2720] AH01071: Got error 'Primary script unknown'
[Tue May 05 11:44:09.758910 2026] [proxy_fcgi:error] [pid 78092:tid 78113] [client 20.205.100.103:2720] AH01071: Got error 'Primary script unknown'
[Tue May 05 11:44:09.846818 2026] [proxy_fcgi:error] [pid 78092:tid 78113] [client 20.205.100.103:2720] AH01071: Got error 'Primary script unknown'
[Tue May 05 11:44:09.890966 2026] [proxy_fcgi:error] [pid 78092:tid 78113] [client 20.205.100.103:2720] AH01071: Got error 'Primary script unknown'
[Tue May 05 11:44:09.995747 2026] [proxy_fcgi:error] [pid 78092:tid 78113] [client 20.205.100.103:2720] AH01071: Got error 'Primary script unknown'
[Tue May 05 11:44:10.049994 2026] [proxy_fcgi:error] [pid 78092:tid 78113] [client 20.205.100.103:2720] AH01071: Got error 'Primary script unknown'
[Tue May 05 11:44:10.094071 2026] [proxy_fcgi:error] [pid 78092:tid 78113] [client 20.205.100.103:2720] AH01071: Got error 'Primary script unknown'
[Tue May 05 11:44:10.172268 2026] [proxy_fcgi:error] [pid 78092:tid 78113] [client 20.205.100.103:2720] AH01071: Got error 'Primary script unknown'
[Tue May 05 11:44:10.218921 2026] [proxy_fcgi:error] [pid 78092:tid 78113] [client 20.205.100.103:2720] AH01071: Got error 'Primary script unknown'
[Tue May 05 11:44:10.262808 2026] [proxy_fcgi:error] [pid 78092:tid 78113] [client 20.205.100.103:2720] AH01071: Got error 'Primary script unknown'
[Tue May 05 11:44:10.306667 2026] [proxy_fcgi:error] [pid 78092:tid 78113] [client 20.205.100.103:2720] AH01071: Got error 'Primary script unknown'
[Tue May 05 11:44:10.350305 2026] [proxy_fcgi:error] [pid 78092:tid 78113] [client 20.205.100.103:2720] AH01071: Got error 'Primary script unknown'
[Tue May 05 11:44:10.406183 2026] [proxy_fcgi:error] [pid 78092:tid 78113] [client 20.205.100.103:2720] AH01071: Got error 'Primary script unknown'
[Tue May 05 11:44:10.450297 2026] [proxy_fcgi:error] [pid 78092:tid 78113] [client 20.205.100.103:2720] AH01071: Got error 'Primary script unknown'
[Tue May 05 11:44:10.494463 2026] [proxy_fcgi:error] [pid 78092:tid 78113] [client 20.205.100.103:2720] AH01071: Got error 'Primary script unknown'
[Tue May 05 11:44:10.538386 2026] [proxy_fcgi:error] [pid 78092:tid 78113] [client 20.205.100.103:2720] AH01071: Got error 'Primary script unknown'
[Tue May 05 11:44:10.582281 2026] [proxy_fcgi:error] [pid 78092:tid 78113] [client 20.205.100.103:2720] AH01071: Got error 'Primary script unknown'
[Tue May 05 11:44:13.460152 2026] [proxy_fcgi:error] [pid 78095:tid 78153] [client 222.165.190.235:33912] AH01071: Got error 'Primary script unknown'
[Tue May 05 11:44:16.194669 2026] [proxy_fcgi:error] [pid 78095:tid 78156] [client 192.176.172.166:47870] AH01071: Got error 'Primary script unknown'
[Tue May 05 11:44:21.408997 2026] [proxy_fcgi:error] [pid 78093:tid 78190] [client 72.167.205.232:35374] AH01071: Got error 'Primary script unknown'
[Tue May 05 11:44:24.313247 2026] [mpm_worker:notice] [pid 53650:tid 53650] AH00297: SIGUSR1 received.  Doing graceful restart
[Tue May 05 11:44:24.404190 2026] [mpm_worker:notice] [pid 53650:tid 53650] AH00292: Apache/2.4.67 (cPanel) OpenSSL/3.5.1 mod_bwlimited/1.4 configured -- resuming normal operations
[Tue May 05 11:44:24.404216 2026] [core:notice] [pid 53650:tid 53650] AH00094: Command line: '/usr/sbin/httpd'
[Tue May 05 11:44:29.865111 2026] [proxy_fcgi:error] [pid 78397:tid 78504] [client 103.82.38.198:60342] AH01071: Got error 'Primary script unknown'
[Tue May 05 11:44:38.269206 2026] [proxy_fcgi:error] [pid 78392:tid 78401] [client 103.216.117.118:36936] AH01071: Got error 'Primary script unknown'
[Tue May 05 11:44:48.409214 2026] [mpm_worker:notice] [pid 53650:tid 53650] AH00297: SIGUSR1 received.  Doing graceful restart
[Tue May 05 11:44:48.496522 2026] [mpm_worker:notice] [pid 53650:tid 53650] AH00292: Apache/2.4.67 (cPanel) OpenSSL/3.5.1 mod_bwlimited/1.4 configured -- resuming normal operations
[Tue May 05 11:44:48.496542 2026] [core:notice] [pid 53650:tid 53650] AH00094: Command line: '/usr/sbin/httpd'
[Tue May 05 11:44:49.960522 2026] [proxy_fcgi:error] [pid 78663:tid 78694] [client 208.68.37.246:47670] AH01071: Got error 'Primary script unknown'
[Tue May 05 11:44:50.614628 2026] [log_config:warn] [pid 78397:tid 78508] (32)Broken pipe: [client 192.185.131.131:37542] AH00646: Error writing to |/usr/local/cpanel/bin/splitlogs --dir=/etc/apache2/logs/domlogs --main=v22519141.sin01.serveradd.com --suffix=-bytes_log
[Tue May 05 11:44:50.614668 2026] [log_config:warn] [pid 78397:tid 78508] (32)Broken pipe: [client 192.185.131.131:37542] AH00646: Error writing to |/usr/local/cpanel/bin/splitlogs --main=apache-traffic.log --mainout=/var/log/cpanel-server-traffic/web/traffic-apache.log
[Tue May 05 11:44:50.614676 2026] [log_config:warn] [pid 78397:tid 78508] (32)Broken pipe: [client 192.185.131.131:37542] AH00646: Error writing to |/usr/local/cpanel/bin/splitlogs --dir=/etc/apache2/logs/domlogs --main=v22519141.sin01.serveradd.com --mainout=/etc/apache2/logs/access_log
[Tue May 05 11:44:52.273086 2026] [log_config:warn] [pid 78390:tid 78428] (32)Broken pipe: [client 4.196.198.83:9537] AH00646: Error writing to |/usr/local/cpanel/bin/splitlogs --dir=/etc/apache2/logs/domlogs --main=v22519141.sin01.serveradd.com --suffix=-bytes_log
[Tue May 05 11:44:52.273137 2026] [log_config:warn] [pid 78390:tid 78428] (32)Broken pipe: [client 4.196.198.83:9537] AH00646: Error writing to |/usr/local/cpanel/bin/splitlogs --main=apache-traffic.log --mainout=/var/log/cpanel-server-traffic/web/traffic-apache.log
[Tue May 05 11:44:52.273149 2026] [log_config:warn] [pid 78390:tid 78428] (32)Broken pipe: [client 4.196.198.83:9537] AH00646: Error writing to |/usr/local/cpanel/bin/splitlogs --dir=/etc/apache2/logs/domlogs --main=v22519141.sin01.serveradd.com --mainout=/etc/apache2/logs/access_log
[Tue May 05 11:44:52.675227 2026] [proxy_fcgi:error] [pid 78662:tid 78676] [client 103.216.117.118:55180] AH01071: Got error 'Primary script unknown'
[Tue May 05 11:44:54.826108 2026] [proxy_fcgi:error] [pid 78662:tid 78677] [client 161.132.40.97:44704] AH01071: Got error 'Primary script unknown'
[Tue May 05 11:44:56.306318 2026] [log_config:warn] [pid 78391:tid 78445] (32)Broken pipe: [client 4.196.198.95:16154] AH00646: Error writing to |/usr/local/cpanel/bin/splitlogs --dir=/etc/apache2/logs/domlogs --main=v22519141.sin01.serveradd.com --suffix=-bytes_log
[Tue May 05 11:44:56.306350 2026] [log_config:warn] [pid 78391:tid 78445] (32)Broken pipe: [client 4.196.198.95:16154] AH00646: Error writing to |/usr/local/cpanel/bin/splitlogs --main=apache-traffic.log --mainout=/var/log/cpanel-server-traffic/web/traffic-apache.log
[Tue May 05 11:44:56.306376 2026] [log_config:warn] [pid 78391:tid 78445] (32)Broken pipe: [client 4.196.198.95:16154] AH00646: Error writing to |/usr/local/cpanel/bin/splitlogs --dir=/etc/apache2/logs/domlogs --main=v22519141.sin01.serveradd.com --mainout=/etc/apache2/logs/access_log
[Tue May 05 11:45:02.599218 2026] [proxy_fcgi:error] [pid 78802:tid 78808] [client 103.216.117.118:51124] AH01071: Got error 'Primary script unknown'
[Tue May 05 11:45:08.924048 2026] [proxy_fcgi:error] [pid 78802:tid 78805] [client 50.6.7.129:49204] AH01071: Got error 'Primary script unknown'
[Tue May 05 11:45:17.993211 2026] [mpm_worker:notice] [pid 53650:tid 53650] AH00297: SIGUSR1 received.  Doing graceful restart
[Tue May 05 11:45:18.090753 2026] [mpm_worker:notice] [pid 53650:tid 53650] AH00292: Apache/2.4.67 (cPanel) OpenSSL/3.5.1 mod_bwlimited/1.4 configured -- resuming normal operations
[Tue May 05 11:45:18.090779 2026] [core:notice] [pid 53650:tid 53650] AH00094: Command line: '/usr/sbin/httpd'
[Tue May 05 11:45:18.232294 2026] [log_config:warn] [pid 78663:tid 78701] (32)Broken pipe: [client 66.249.74.165:52050] AH00646: Error writing to |/usr/local/cpanel/bin/splitlogs --dir=/etc/apache2/logs/domlogs --main=v22519141.sin01.serveradd.com --suffix=-bytes_log
[Tue May 05 11:45:18.232344 2026] [log_config:warn] [pid 78663:tid 78701] (32)Broken pipe: [client 66.249.74.165:52050] AH00646: Error writing to |/usr/local/cpanel/bin/splitlogs --main=apache-traffic.log --mainout=/var/log/cpanel-server-traffic/web/traffic-apache.log
[Tue May 05 11:45:18.232365 2026] [log_config:warn] [pid 78663:tid 78701] (32)Broken pipe: [client 66.249.74.165:52050] AH00646: Error writing to |/usr/local/cpanel/bin/splitlogs --dir=/etc/apache2/logs/domlogs --main=v22519141.sin01.serveradd.com --mainout=/etc/apache2/logs/access_log
[Tue May 05 11:45:19.324884 2026] [log_config:warn] [pid 78662:tid 78687] (32)Broken pipe: [client 200.69.20.165:39562] AH00646: Error writing to |/usr/local/cpanel/bin/splitlogs --dir=/etc/apache2/logs/domlogs --main=v22519141.sin01.serveradd.com --suffix=-bytes_log
[Tue May 05 11:45:19.324952 2026] [log_config:warn] [pid 78662:tid 78687] (32)Broken pipe: [client 200.69.20.165:39562] AH00646: Error writing to |/usr/local/cpanel/bin/splitlogs --main=apache-traffic.log --mainout=/var/log/cpanel-server-traffic/web/traffic-apache.log
[Tue May 05 11:45:19.324963 2026] [log_config:warn] [pid 78662:tid 78687] (32)Broken pipe: [client 200.69.20.165:39562] AH00646: Error writing to |/usr/local/cpanel/bin/splitlogs --dir=/etc/apache2/logs/domlogs --main=v22519141.sin01.serveradd.com --mainout=/etc/apache2/logs/access_log
[Tue May 05 11:45:28.168350 2026] [proxy_fcgi:error] [pid 79336:tid 79349] [client 78.142.18.172:37156] AH01071: Got error 'Primary script unknown'
[Tue May 05 11:45:30.587108 2026] [log_config:warn] [pid 78733:tid 78741] (32)Broken pipe: [client 91.227.37.60:43824] AH00646: Error writing to |/usr/local/cpanel/bin/splitlogs --dir=/etc/apache2/logs/domlogs --main=v22519141.sin01.serveradd.com --suffix=-bytes_log
[Tue May 05 11:45:30.587168 2026] [log_config:warn] [pid 78733:tid 78741] (32)Broken pipe: [client 91.227.37.60:43824] AH00646: Error writing to |/usr/local/cpanel/bin/splitlogs --main=apache-traffic.log --mainout=/var/log/cpanel-server-traffic/web/traffic-apache.log
[Tue May 05 11:45:30.587177 2026] [log_config:warn] [pid 78733:tid 78741] (32)Broken pipe: [client 91.227.37.60:43824] AH00646: Error writing to |/usr/local/cpanel/bin/splitlogs --dir=/etc/apache2/logs/domlogs --main=v22519141.sin01.serveradd.com --mainout=/etc/apache2/logs/access_log
[Tue May 05 11:45:39.714296 2026] [mpm_worker:notice] [pid 53650:tid 53650] AH00297: SIGUSR1 received.  Doing graceful restart
[Tue May 05 11:45:39.824837 2026] [mpm_worker:notice] [pid 53650:tid 53650] AH00292: Apache/2.4.67 (cPanel) OpenSSL/3.5.1 mod_bwlimited/1.4 configured -- resuming normal operations
[Tue May 05 11:45:39.824861 2026] [core:notice] [pid 53650:tid 53650] AH00094: Command line: '/usr/sbin/httpd'
[Tue May 05 11:45:41.055087 2026] [proxy_fcgi:error] [pid 79564:tid 79576] [client 78.142.18.172:57624] AH01071: Got error 'Primary script unknown'
[Tue May 05 11:45:43.394220 2026] [:error] [pid 79565:tid 79596] [client 45.55.154.140:58056] File does not exist: /var/www/html/wp-login.php
[Tue May 05 11:45:45.802240 2026] [proxy_fcgi:error] [pid 79567:tid 79630] [client 20.210.184.97:4124] AH01071: Got error 'Primary script unknown'
[Tue May 05 11:45:45.868117 2026] [proxy_fcgi:error] [pid 79567:tid 79630] [client 20.210.184.97:4124] AH01071: Got error 'Primary script unknown'
[Tue May 05 11:45:45.964156 2026] [proxy_fcgi:error] [pid 79567:tid 79630] [client 20.210.184.97:4124] AH01071: Got error 'Primary script unknown'
[Tue May 05 11:45:46.029838 2026] [proxy_fcgi:error] [pid 79567:tid 79630] [client 20.210.184.97:4124] AH01071: Got error 'Primary script unknown'
[Tue May 05 11:45:46.160085 2026] [proxy_fcgi:error] [pid 79567:tid 79630] [client 20.210.184.97:4124] AH01071: Got error 'Primary script unknown'
[Tue May 05 11:45:46.225959 2026] [proxy_fcgi:error] [pid 79567:tid 79630] [client 20.210.184.97:4124] AH01071: Got error 'Primary script unknown'
[Tue May 05 11:45:46.291046 2026] [proxy_fcgi:error] [pid 79567:tid 79630] [client 20.210.184.97:4124] AH01071: Got error 'Primary script unknown'
[Tue May 05 11:45:46.356506 2026] [proxy_fcgi:error] [pid 79567:tid 79630] [client 20.210.184.97:4124] AH01071: Got error 'Primary script unknown'
[Tue May 05 11:45:46.421945 2026] [proxy_fcgi:error] [pid 79567:tid 79630] [client 20.210.184.97:4124] AH01071: Got error 'Primary script unknown'
[Tue May 05 11:45:46.521832 2026] [proxy_fcgi:error] [pid 79567:tid 79630] [client 20.210.184.97:4124] AH01071: Got error 'Primary script unknown'
[Tue May 05 11:45:46.587426 2026] [proxy_fcgi:error] [pid 79567:tid 79630] [client 20.210.184.97:4124] AH01071: Got error 'Primary script unknown'
[Tue May 05 11:45:46.653073 2026] [proxy_fcgi:error] [pid 79567:tid 79630] [client 20.210.184.97:4124] AH01071: Got error 'Primary script unknown'
[Tue May 05 11:45:46.718880 2026] [proxy_fcgi:error] [pid 79567:tid 79630] [client 20.210.184.97:4124] AH01071: Got error 'Primary script unknown'
[Tue May 05 11:45:46.783933 2026] [proxy_fcgi:error] [pid 79567:tid 79630] [client 20.210.184.97:4124] AH01071: Got error 'Primary script unknown'
[Tue May 05 11:45:46.849606 2026] [proxy_fcgi:error] [pid 79567:tid 79630] [client 20.210.184.97:4124] AH01071: Got error 'Primary script unknown'
[Tue May 05 11:45:46.915063 2026] [proxy_fcgi:error] [pid 79567:tid 79630] [client 20.210.184.97:4124] AH01071: Got error 'Primary script unknown'
[Tue May 05 11:45:46.981078 2026] [proxy_fcgi:error] [pid 79567:tid 79630] [client 20.210.184.97:4124] AH01071: Got error 'Primary script unknown'
[Tue May 05 11:45:47.076809 2026] [proxy_fcgi:error] [pid 79567:tid 79630] [client 20.210.184.97:4124] AH01071: Got error 'Primary script unknown'
[Tue May 05 11:45:47.296827 2026] [proxy_fcgi:error] [pid 79567:tid 79630] [client 20.210.184.97:4124] AH01071: Got error 'Primary script unknown'
[Tue May 05 11:45:47.362073 2026] [proxy_fcgi:error] [pid 79567:tid 79630] [client 20.210.184.97:4124] AH01071: Got error 'Primary script unknown'
[Tue May 05 11:45:47.427680 2026] [proxy_fcgi:error] [pid 79567:tid 79630] [client 20.210.184.97:4124] AH01071: Got error 'Primary script unknown'
[Tue May 05 11:45:57.681815 2026] [mpm_worker:notice] [pid 53650:tid 53650] AH00297: SIGUSR1 received.  Doing graceful restart
[Tue May 05 11:45:57.768097 2026] [mpm_worker:notice] [pid 53650:tid 53650] AH00292: Apache/2.4.67 (cPanel) OpenSSL/3.5.1 mod_bwlimited/1.4 configured -- resuming normal operations
[Tue May 05 11:45:57.768115 2026] [core:notice] [pid 53650:tid 53650] AH00094: Command line: '/usr/sbin/httpd'
[Tue May 05 11:46:24.012753 2026] [proxy_fcgi:error] [pid 79839:tid 79878] [client 20.28.218.11:3245] AH01071: Got error 'Primary script unknown'
[Tue May 05 11:46:24.106026 2026] [proxy_fcgi:error] [pid 79839:tid 79878] [client 20.28.218.11:3245] AH01071: Got error 'Primary script unknown'
[Tue May 05 11:46:24.199316 2026] [proxy_fcgi:error] [pid 79839:tid 79878] [client 20.28.218.11:3245] AH01071: Got error 'Primary script unknown'
[Tue May 05 11:46:24.292996 2026] [proxy_fcgi:error] [pid 79839:tid 79878] [client 20.28.218.11:3245] AH01071: Got error 'Primary script unknown'
[Tue May 05 11:46:24.390122 2026] [proxy_fcgi:error] [pid 79839:tid 79878] [client 20.28.218.11:3245] AH01071: Got error 'Primary script unknown'
[Tue May 05 11:46:24.483138 2026] [proxy_fcgi:error] [pid 79839:tid 79878] [client 20.28.218.11:3245] AH01071: Got error 'Primary script unknown'
[Tue May 05 11:46:24.576092 2026] [proxy_fcgi:error] [pid 79839:tid 79878] [client 20.28.218.11:3245] AH01071: Got error 'Primary script unknown'
[Tue May 05 11:46:24.669279 2026] [proxy_fcgi:error] [pid 79839:tid 79878] [client 20.28.218.11:3245] AH01071: Got error 'Primary script unknown'
[Tue May 05 11:46:24.762346 2026] [proxy_fcgi:error] [pid 79839:tid 79878] [client 20.28.218.11:3245] AH01071: Got error 'Primary script unknown'
[Tue May 05 11:46:24.866626 2026] [proxy_fcgi:error] [pid 79839:tid 79878] [client 20.28.218.11:3245] AH01071: Got error 'Primary script unknown'
[Tue May 05 11:46:25.052907 2026] [proxy_fcgi:error] [pid 79839:tid 79878] [client 20.28.218.11:3245] AH01071: Got error 'Primary script unknown'
[Tue May 05 11:46:25.162697 2026] [proxy_fcgi:error] [pid 79839:tid 79878] [client 20.28.218.11:3245] AH01071: Got error 'Primary script unknown'
[Tue May 05 11:46:25.348326 2026] [proxy_fcgi:error] [pid 79839:tid 79878] [client 20.28.218.11:3245] AH01071: Got error 'Primary script unknown'
[Tue May 05 11:46:25.450739 2026] [proxy_fcgi:error] [pid 79839:tid 79878] [client 20.28.218.11:3245] AH01071: Got error 'Primary script unknown'
[Tue May 05 11:46:25.544539 2026] [proxy_fcgi:error] [pid 79839:tid 79878] [client 20.28.218.11:3245] AH01071: Got error 'Primary script unknown'
[Tue May 05 11:46:25.638122 2026] [proxy_fcgi:error] [pid 79839:tid 79878] [client 20.28.218.11:3245] AH01071: Got error 'Primary script unknown'
[Tue May 05 11:46:25.731573 2026] [proxy_fcgi:error] [pid 79839:tid 79878] [client 20.28.218.11:3245] AH01071: Got error 'Primary script unknown'
[Tue May 05 11:46:25.824871 2026] [proxy_fcgi:error] [pid 79839:tid 79878] [client 20.28.218.11:3245] AH01071: Got error 'Primary script unknown'
[Tue May 05 11:46:25.918493 2026] [proxy_fcgi:error] [pid 79839:tid 79878] [client 20.28.218.11:3245] AH01071: Got error 'Primary script unknown'
[Tue May 05 11:46:26.012291 2026] [proxy_fcgi:error] [pid 79839:tid 79878] [client 20.28.218.11:3245] AH01071: Got error 'Primary script unknown'
[Tue May 05 11:46:26.106254 2026] [proxy_fcgi:error] [pid 79839:tid 79878] [client 20.28.218.11:3245] AH01071: Got error 'Primary script unknown'
[Tue May 05 11:46:26.199460 2026] [proxy_fcgi:error] [pid 79839:tid 79878] [client 20.28.218.11:3245] AH01071: Got error 'Primary script unknown'
[Tue May 05 11:46:26.293247 2026] [proxy_fcgi:error] [pid 79839:tid 79878] [client 20.28.218.11:3245] AH01071: Got error 'Primary script unknown'
[Tue May 05 11:46:26.387462 2026] [proxy_fcgi:error] [pid 79839:tid 79878] [client 20.28.218.11:3245] AH01071: Got error 'Primary script unknown'
[Tue May 05 11:46:26.481130 2026] [proxy_fcgi:error] [pid 79839:tid 79878] [client 20.28.218.11:3245] AH01071: Got error 'Primary script unknown'
[Tue May 05 11:46:34.115470 2026] [proxy_fcgi:error] [pid 79841:tid 79942] [client 52.232.35.131:47500] AH01071: Got error 'Primary script unknown'
[Tue May 05 11:46:46.235937 2026] [:error] [pid 79841:tid 79939] [client 20.29.119.89:34815] File does not exist: /var/www/html/yellow.php
[Tue May 05 11:46:46.845350 2026] [:error] [pid 79841:tid 79939] [client 20.29.119.89:34815] File does not exist: /var/www/html/wp-thi.php
[Tue May 05 11:46:47.158454 2026] [:error] [pid 79841:tid 79939] [client 20.29.119.89:34815] File does not exist: /var/www/html/wp-slss.php
[Tue May 05 11:46:47.360422 2026] [:error] [pid 79841:tid 79939] [client 20.29.119.89:34815] File does not exist: /var/www/html/wp-load.php
[Tue May 05 11:46:47.562714 2026] [:error] [pid 79841:tid 79939] [client 20.29.119.89:34815] File does not exist: /var/www/html/lib.php
[Tue May 05 11:46:48.076634 2026] [:error] [pid 79841:tid 79939] [client 20.29.119.89:34815] File does not exist: /var/www/html/ah25.php
[Tue May 05 11:46:48.282693 2026] [:error] [pid 79841:tid 79939] [client 20.29.119.89:34815] File does not exist: /var/www/html/revealability.php
[Tue May 05 11:46:48.503794 2026] [:error] [pid 79841:tid 79939] [client 20.29.119.89:34815] File does not exist: /var/www/html/file4.php
[Tue May 05 11:46:48.705380 2026] [:error] [pid 79841:tid 79939] [client 20.29.119.89:34815] File does not exist: /var/www/html/atomlib.php
[Tue May 05 11:46:48.918402 2026] [:error] [pid 79841:tid 79939] [client 20.29.119.89:34815] File does not exist: /var/www/html/file30.php
[Tue May 05 11:46:49.176898 2026] [:error] [pid 79841:tid 79939] [client 20.29.119.89:34815] File does not exist: /var/www/html/forbidals.php
[Tue May 05 11:46:49.399406 2026] [:error] [pid 79841:tid 79939] [client 20.29.119.89:34815] File does not exist: /var/www/html/wp-firewall.php
[Tue May 05 11:46:49.742149 2026] [:error] [pid 79841:tid 79939] [client 20.29.119.89:34815] File does not exist: /var/www/html/tires.php
[Tue May 05 11:46:50.125253 2026] [:error] [pid 79841:tid 79939] [client 20.29.119.89:34815] File does not exist: /var/www/html/shell20211028.php
[Tue May 05 11:46:50.355422 2026] [:error] [pid 79841:tid 79939] [client 20.29.119.89:34815] File does not exist: /var/www/html/wuasr.php
[Tue May 05 11:46:50.571281 2026] [:error] [pid 79841:tid 79939] [client 20.29.119.89:34815] File does not exist: /var/www/html/1index.php
[Tue May 05 11:46:50.772934 2026] [:error] [pid 79841:tid 79939] [client 20.29.119.89:34815] File does not exist: /var/www/html/ff1.php
[Tue May 05 11:46:51.034744 2026] [:error] [pid 79841:tid 79939] [client 20.29.119.89:34815] File does not exist: /var/www/html/png.php
[Tue May 05 11:46:51.475820 2026] [:error] [pid 79841:tid 79939] [client 20.29.119.89:34815] File does not exist: /var/www/html/x.php
[Tue May 05 11:46:51.686612 2026] [:error] [pid 79841:tid 79939] [client 20.29.119.89:34815] File does not exist: /var/www/html/yas.php
[Tue May 05 11:46:51.898664 2026] [:error] [pid 79841:tid 79939] [client 20.29.119.89:34815] File does not exist: /var/www/html/dropdown.php
[Tue May 05 11:46:52.502697 2026] [:error] [pid 79841:tid 79939] [client 20.29.119.89:34815] File does not exist: /var/www/html/wp-access.php
[Tue May 05 11:46:52.704408 2026] [:error] [pid 79841:tid 79939] [client 20.29.119.89:34815] File does not exist: /var/www/html/fun.php
[Tue May 05 11:46:52.975646 2026] [:error] [pid 79841:tid 79939] [client 20.29.119.89:34815] File does not exist: /var/www/html/bthil.php
[Tue May 05 11:46:53.177658 2026] [:error] [pid 79841:tid 79939] [client 20.29.119.89:34815] File does not exist: /var/www/html/wp-kd4xalrg7m.php
[Tue May 05 11:46:53.666260 2026] [:error] [pid 79841:tid 79939] [client 20.29.119.89:34815] File does not exist: /var/www/html/333.php
[Tue May 05 11:46:54.077221 2026] [:error] [pid 79841:tid 79939] [client 20.29.119.89:34815] File does not exist: /var/www/html/ftde.php
[Tue May 05 11:46:54.294167 2026] [:error] [pid 79841:tid 79939] [client 20.29.119.89:34815] File does not exist: /var/www/html/wp-trackback.php
[Tue May 05 11:46:54.848514 2026] [:error] [pid 79841:tid 79939] [client 20.29.119.89:34815] File does not exist: /var/www/html/new.php
[Tue May 05 11:46:55.070077 2026] [:error] [pid 79841:tid 79939] [client 20.29.119.89:34815] File does not exist: /var/www/html/aevly.php
[Tue May 05 11:46:55.441446 2026] [:error] [pid 79841:tid 79939] [client 20.29.119.89:34815] File does not exist: /var/www/html/app.php
[Tue May 05 11:46:55.725315 2026] [:error] [pid 79841:tid 79939] [client 20.29.119.89:34815] File does not exist: /var/www/html/txets.php
[Tue May 05 11:46:55.927676 2026] [:error] [pid 79841:tid 79939] [client 20.29.119.89:34815] File does not exist: /var/www/html/file59.php
[Tue May 05 11:46:56.254931 2026] [:error] [pid 79841:tid 79939] [client 20.29.119.89:34815] File does not exist: /var/www/html/albin.php
[Tue May 05 11:46:56.597517 2026] [:error] [pid 79841:tid 79939] [client 20.29.119.89:34815] File does not exist: /var/www/html/lala.php
[Tue May 05 11:46:56.977698 2026] [:error] [pid 79841:tid 79939] [client 20.29.119.89:34815] File does not exist: /var/www/html/wp-at.php
[Tue May 05 11:46:57.179386 2026] [:error] [pid 79841:tid 79939] [client 20.29.119.89:34815] File does not exist: /var/www/html/wp.php
[Tue May 05 11:46:57.680714 2026] [:error] [pid 79841:tid 79939] [client 20.29.119.89:34815] File does not exist: /var/www/html/sys.php
[Tue May 05 11:46:57.882712 2026] [:error] [pid 79841:tid 79939] [client 20.29.119.89:34815] File does not exist: /var/www/html/lv.php
[Tue May 05 11:46:58.084337 2026] [:error] [pid 79841:tid 79939] [client 20.29.119.89:34815] File does not exist: /var/www/html/wp-good.php
[Tue May 05 11:46:58.301214 2026] [:error] [pid 79841:tid 79939] [client 20.29.119.89:34815] File does not exist: /var/www/html/db.php
[Tue May 05 11:46:58.580943 2026] [:error] [pid 79841:tid 79939] [client 20.29.119.89:34815] File does not exist: /var/www/html/z.php
[Tue May 05 11:46:59.009303 2026] [:error] [pid 79841:tid 79939] [client 20.29.119.89:34815] File does not exist: /var/www/html/wp-the.php
[Tue May 05 11:46:59.281236 2026] [:error] [pid 79841:tid 79939] [client 20.29.119.89:34815] File does not exist: /var/www/html/ok.php
[Tue May 05 11:46:59.486849 2026] [:error] [pid 79841:tid 79939] [client 20.29.119.89:34815] File does not exist: /var/www/html/ccou.php
[Tue May 05 11:46:59.628928 2026] [proxy_fcgi:error] [pid 79841:tid 79926] [client 20.63.32.193:26842] AH01071: Got error 'Primary script unknown'
[Tue May 05 11:46:59.704745 2026] [:error] [pid 79841:tid 79939] [client 20.29.119.89:34815] File does not exist: /var/www/html/samll.php
[Tue May 05 11:46:59.740854 2026] [proxy_fcgi:error] [pid 79837:tid 79907] [client 20.63.32.193:26825] AH01071: Got error 'Primary script unknown'
[Tue May 05 11:46:59.758510 2026] [core:error] [pid 79836:tid 79962] [client 20.63.32.193:26863] AH00124: Request exceeded the limit of 10 internal redirects due to probable configuration error. Use 'LimitInternalRecursion' to increase the limit if necessary. Use 'LogLevel debug' to get a backtrace.
[Tue May 05 11:46:59.758535 2026] [core:error] [pid 79836:tid 79962] [client 20.63.32.193:26863] AH00124: Request exceeded the limit of 10 internal redirects due to probable configuration error. Use 'LimitInternalRecursion' to increase the limit if necessary. Use 'LogLevel debug' to get a backtrace.
[Tue May 05 11:46:59.908338 2026] [:error] [pid 79841:tid 79939] [client 20.29.119.89:34815] File does not exist: /var/www/html/edit.php
[Tue May 05 11:47:00.045929 2026] [proxy_fcgi:error] [pid 79839:tid 79890] [client 20.63.32.193:26852] AH01071: Got error 'Primary script unknown'
[Tue May 05 11:47:00.046260 2026] [proxy_fcgi:error] [pid 79835:tid 79854] [client 20.63.32.193:26870] AH01071: Got error 'Primary script unknown'
[Tue May 05 11:47:00.073839 2026] [proxy_fcgi:error] [pid 79841:tid 79926] [client 20.63.32.193:26842] AH01071: Got error 'Primary script unknown'
[Tue May 05 11:47:00.120426 2026] [:error] [pid 79841:tid 79939] [client 20.29.119.89:34815] File does not exist: /var/www/html/xda.php
[Tue May 05 11:47:00.181368 2026] [proxy_fcgi:error] [pid 79837:tid 79907] [client 20.63.32.193:26825] AH01071: Got error 'Primary script unknown'
[Tue May 05 11:47:00.296455 2026] [proxy_fcgi:error] [pid 79841:tid 79926] [client 20.63.32.193:26842] AH01071: Got error 'Primary script unknown'
[Tue May 05 11:47:00.322113 2026] [:error] [pid 79841:tid 79939] [client 20.29.119.89:34815] File does not exist: /var/www/html/sbhu.php
[Tue May 05 11:47:00.401743 2026] [proxy_fcgi:error] [pid 79837:tid 79907] [client 20.63.32.193:26825] AH01071: Got error 'Primary script unknown'
[Tue May 05 11:47:00.448252 2026] [core:error] [pid 79836:tid 79963] [client 20.63.32.193:27658] AH00124: Request exceeded the limit of 10 internal redirects due to probable configuration error. Use 'LimitInternalRecursion' to increase the limit if necessary. Use 'LogLevel debug' to get a backtrace.
[Tue May 05 11:47:00.448284 2026] [core:error] [pid 79836:tid 79963] [client 20.63.32.193:27658] AH00124: Request exceeded the limit of 10 internal redirects due to probable configuration error. Use 'LimitInternalRecursion' to increase the limit if necessary. Use 'LogLevel debug' to get a backtrace.
[Tue May 05 11:47:00.487475 2026] [proxy_fcgi:error] [pid 79839:tid 79890] [client 20.63.32.193:26852] AH01071: Got error 'Primary script unknown'
[Tue May 05 11:47:00.491327 2026] [proxy_fcgi:error] [pid 79835:tid 79854] [client 20.63.32.193:26870] AH01071: Got error 'Primary script unknown'
[Tue May 05 11:47:00.518923 2026] [proxy_fcgi:error] [pid 79841:tid 79926] [client 20.63.32.193:26842] AH01071: Got error 'Primary script unknown'
[Tue May 05 11:47:00.622246 2026] [proxy_fcgi:error] [pid 79837:tid 79907] [client 20.63.32.193:26825] AH01071: Got error 'Primary script unknown'
[Tue May 05 11:47:00.708486 2026] [proxy_fcgi:error] [pid 79839:tid 79890] [client 20.63.32.193:26852] AH01071: Got error 'Primary script unknown'
[Tue May 05 11:47:00.713646 2026] [proxy_fcgi:error] [pid 79835:tid 79854] [client 20.63.32.193:26870] AH01071: Got error 'Primary script unknown'
[Tue May 05 11:47:00.741431 2026] [proxy_fcgi:error] [pid 79841:tid 79926] [client 20.63.32.193:26842] AH01071: Got error 'Primary script unknown'
[Tue May 05 11:47:00.855970 2026] [proxy_fcgi:error] [pid 79837:tid 79907] [client 20.63.32.193:26825] AH01071: Got error 'Primary script unknown'
[Tue May 05 11:47:00.929471 2026] [proxy_fcgi:error] [pid 79839:tid 79890] [client 20.63.32.193:26852] AH01071: Got error 'Primary script unknown'
[Tue May 05 11:47:00.936299 2026] [proxy_fcgi:error] [pid 79835:tid 79854] [client 20.63.32.193:26870] AH01071: Got error 'Primary script unknown'
[Tue May 05 11:47:00.939604 2026] [proxy_fcgi:error] [pid 79835:tid 79855] [client 103.90.232.170:46182] AH01071: Got error 'Primary script unknown'
[Tue May 05 11:47:00.964881 2026] [proxy_fcgi:error] [pid 79841:tid 79926] [client 20.63.32.193:26842] AH01071: Got error 'Primary script unknown'
[Tue May 05 11:47:01.077114 2026] [proxy_fcgi:error] [pid 79837:tid 79907] [client 20.63.32.193:26825] AH01071: Got error 'Primary script unknown'
[Tue May 05 11:47:01.102618 2026] [proxy_fcgi:error] [pid 79837:tid 79908] [client 20.63.32.193:26864] AH01071: Got error 'Primary script unknown'
[Tue May 05 11:47:01.138996 2026] [core:error] [pid 79839:tid 79892] [client 20.63.32.193:27648] AH00124: Request exceeded the limit of 10 internal redirects due to probable configuration error. Use 'LimitInternalRecursion' to increase the limit if necessary. Use 'LogLevel debug' to get a backtrace.
[Tue May 05 11:47:01.139011 2026] [core:error] [pid 79839:tid 79892] [client 20.63.32.193:27648] AH00124: Request exceeded the limit of 10 internal redirects due to probable configuration error. Use 'LimitInternalRecursion' to increase the limit if necessary. Use 'LogLevel debug' to get a backtrace.
[Tue May 05 11:47:01.150132 2026] [proxy_fcgi:error] [pid 79839:tid 79890] [client 20.63.32.193:26852] AH01071: Got error 'Primary script unknown'
[Tue May 05 11:47:01.158602 2026] [proxy_fcgi:error] [pid 79835:tid 79854] [client 20.63.32.193:26870] AH01071: Got error 'Primary script unknown'
[Tue May 05 11:47:01.187645 2026] [proxy_fcgi:error] [pid 79841:tid 79926] [client 20.63.32.193:26842] AH01071: Got error 'Primary script unknown'
[Tue May 05 11:47:01.297642 2026] [proxy_fcgi:error] [pid 79837:tid 79907] [client 20.63.32.193:26825] AH01071: Got error 'Primary script unknown'
[Tue May 05 11:47:01.370766 2026] [proxy_fcgi:error] [pid 79839:tid 79890] [client 20.63.32.193:26852] AH01071: Got error 'Primary script unknown'
[Tue May 05 11:47:01.381076 2026] [proxy_fcgi:error] [pid 79835:tid 79854] [client 20.63.32.193:26870] AH01071: Got error 'Primary script unknown'
[Tue May 05 11:47:01.410202 2026] [proxy_fcgi:error] [pid 79841:tid 79926] [client 20.63.32.193:26842] AH01071: Got error 'Primary script unknown'
[Tue May 05 11:47:01.518212 2026] [proxy_fcgi:error] [pid 79837:tid 79907] [client 20.63.32.193:26825] AH01071: Got error 'Primary script unknown'
[Tue May 05 11:47:01.591836 2026] [proxy_fcgi:error] [pid 79839:tid 79890] [client 20.63.32.193:26852] AH01071: Got error 'Primary script unknown'
[Tue May 05 11:47:01.603781 2026] [proxy_fcgi:error] [pid 79835:tid 79854] [client 20.63.32.193:26870] AH01071: Got error 'Primary script unknown'
[Tue May 05 11:47:01.632921 2026] [proxy_fcgi:error] [pid 79841:tid 79926] [client 20.63.32.193:26842] AH01071: Got error 'Primary script unknown'
[Tue May 05 11:47:01.739154 2026] [proxy_fcgi:error] [pid 79837:tid 79907] [client 20.63.32.193:26825] AH01071: Got error 'Primary script unknown'
[Tue May 05 11:47:01.812711 2026] [proxy_fcgi:error] [pid 79839:tid 79890] [client 20.63.32.193:26852] AH01071: Got error 'Primary script unknown'
[Tue May 05 11:47:01.826433 2026] [proxy_fcgi:error] [pid 79835:tid 79854] [client 20.63.32.193:26870] AH01071: Got error 'Primary script unknown'
[Tue May 05 11:47:01.848335 2026] [core:error] [pid 79837:tid 79909] [client 20.63.32.193:27678] AH00124: Request exceeded the limit of 10 internal redirects due to probable configuration error. Use 'LimitInternalRecursion' to increase the limit if necessary. Use 'LogLevel debug' to get a backtrace.
[Tue May 05 11:47:01.848392 2026] [core:error] [pid 79837:tid 79909] [client 20.63.32.193:27678] AH00124: Request exceeded the limit of 10 internal redirects due to probable configuration error. Use 'LimitInternalRecursion' to increase the limit if necessary. Use 'LogLevel debug' to get a backtrace.
[Tue May 05 11:47:01.855311 2026] [proxy_fcgi:error] [pid 79841:tid 79926] [client 20.63.32.193:26842] AH01071: Got error 'Primary script unknown'
[Tue May 05 11:47:01.959656 2026] [proxy_fcgi:error] [pid 79837:tid 79907] [client 20.63.32.193:26825] AH01071: Got error 'Primary script unknown'
[Tue May 05 11:47:02.033853 2026] [proxy_fcgi:error] [pid 79839:tid 79890] [client 20.63.32.193:26852] AH01071: Got error 'Primary script unknown'
[Tue May 05 11:47:02.048610 2026] [proxy_fcgi:error] [pid 79835:tid 79854] [client 20.63.32.193:26870] AH01071: Got error 'Primary script unknown'
[Tue May 05 11:47:02.095896 2026] [proxy_fcgi:error] [pid 79841:tid 79926] [client 20.63.32.193:26842] AH01071: Got error 'Primary script unknown'
[Tue May 05 11:47:02.180440 2026] [proxy_fcgi:error] [pid 79837:tid 79907] [client 20.63.32.193:26825] AH01071: Got error 'Primary script unknown'
[Tue May 05 11:47:02.231197 2026] [proxy_fcgi:error] [pid 79837:tid 79908] [client 20.63.32.193:26864] AH01071: Got error 'Primary script unknown'
[Tue May 05 11:47:02.254740 2026] [proxy_fcgi:error] [pid 79839:tid 79890] [client 20.63.32.193:26852] AH01071: Got error 'Primary script unknown'
[Tue May 05 11:47:02.271001 2026] [proxy_fcgi:error] [pid 79835:tid 79854] [client 20.63.32.193:26870] AH01071: Got error 'Primary script unknown'
[Tue May 05 11:47:02.318351 2026] [proxy_fcgi:error] [pid 79841:tid 79926] [client 20.63.32.193:26842] AH01071: Got error 'Primary script unknown'
[Tue May 05 11:47:02.400704 2026] [proxy_fcgi:error] [pid 79837:tid 79907] [client 20.63.32.193:26825] AH01071: Got error 'Primary script unknown'
[Tue May 05 11:47:02.475707 2026] [proxy_fcgi:error] [pid 79839:tid 79890] [client 20.63.32.193:26852] AH01071: Got error 'Primary script unknown'
[Tue May 05 11:47:02.493769 2026] [proxy_fcgi:error] [pid 79835:tid 79854] [client 20.63.32.193:26870] AH01071: Got error 'Primary script unknown'
[Tue May 05 11:47:02.531314 2026] [core:error] [pid 79835:tid 79856] [client 20.63.32.193:26878] AH00124: Request exceeded the limit of 10 internal redirects due to probable configuration error. Use 'LimitInternalRecursion' to increase the limit if necessary. Use 'LogLevel debug' to get a backtrace.
[Tue May 05 11:47:02.531346 2026] [core:error] [pid 79835:tid 79856] [client 20.63.32.193:26878] AH00124: Request exceeded the limit of 10 internal redirects due to probable configuration error. Use 'LimitInternalRecursion' to increase the limit if necessary. Use 'LogLevel debug' to get a backtrace.
[Tue May 05 11:47:02.540931 2026] [proxy_fcgi:error] [pid 79841:tid 79926] [client 20.63.32.193:26842] AH01071: Got error 'Primary script unknown'
[Tue May 05 11:47:02.621344 2026] [proxy_fcgi:error] [pid 79837:tid 79907] [client 20.63.32.193:26825] AH01071: Got error 'Primary script unknown'
[Tue May 05 11:47:02.696828 2026] [proxy_fcgi:error] [pid 79839:tid 79890] [client 20.63.32.193:26852] AH01071: Got error 'Primary script unknown'
[Tue May 05 11:47:02.716242 2026] [proxy_fcgi:error] [pid 79835:tid 79854] [client 20.63.32.193:26870] AH01071: Got error 'Primary script unknown'
[Tue May 05 11:47:02.763444 2026] [proxy_fcgi:error] [pid 79841:tid 79926] [client 20.63.32.193:26842] AH01071: Got error 'Primary script unknown'
[Tue May 05 11:47:02.804335 2026] [proxy_fcgi:error] [pid 79837:tid 79908] [client 20.63.32.193:26864] AH01071: Got error 'Primary script unknown'
[Tue May 05 11:47:02.841521 2026] [proxy_fcgi:error] [pid 79837:tid 79907] [client 20.63.32.193:26825] AH01071: Got error 'Primary script unknown'
[Tue May 05 11:47:02.925644 2026] [proxy_fcgi:error] [pid 79839:tid 79890] [client 20.63.32.193:26852] AH01071: Got error 'Primary script unknown'
[Tue May 05 11:47:02.938698 2026] [proxy_fcgi:error] [pid 79835:tid 79854] [client 20.63.32.193:26870] AH01071: Got error 'Primary script unknown'
[Tue May 05 11:47:02.954114 2026] [proxy_fcgi:error] [pid 79836:tid 79964] [client 213.32.22.52:50726] AH01071: Got error 'Primary script unknown'
[Tue May 05 11:47:03.146636 2026] [proxy_fcgi:error] [pid 79839:tid 79890] [client 20.63.32.193:26852] AH01071: Got error 'Primary script unknown'
[Tue May 05 11:47:03.161712 2026] [proxy_fcgi:error] [pid 79835:tid 79854] [client 20.63.32.193:26870] AH01071: Got error 'Primary script unknown'
[Tue May 05 11:47:03.199132 2026] [core:error] [pid 79837:tid 79910] [client 20.63.32.193:26862] AH00124: Request exceeded the limit of 10 internal redirects due to probable configuration error. Use 'LimitInternalRecursion' to increase the limit if necessary. Use 'LogLevel debug' to get a backtrace.
[Tue May 05 11:47:03.199158 2026] [core:error] [pid 79837:tid 79910] [client 20.63.32.193:26862] AH00124: Request exceeded the limit of 10 internal redirects due to probable configuration error. Use 'LimitInternalRecursion' to increase the limit if necessary. Use 'LogLevel debug' to get a backtrace.
[Tue May 05 11:47:03.211709 2026] [proxy_fcgi:error] [pid 79841:tid 79926] [client 20.63.32.193:26842] AH01071: Got error 'Primary script unknown'
[Tue May 05 11:47:03.281685 2026] [proxy_fcgi:error] [pid 79837:tid 79907] [client 20.63.32.193:26825] AH01071: Got error 'Primary script unknown'
[Tue May 05 11:47:03.363019 2026] [proxy_fcgi:error] [pid 79837:tid 79908] [client 20.63.32.193:26864] AH01071: Got error 'Primary script unknown'
[Tue May 05 11:47:03.434306 2026] [proxy_fcgi:error] [pid 79841:tid 79926] [client 20.63.32.193:26842] AH01071: Got error 'Primary script unknown'
[Tue May 05 11:47:03.501886 2026] [proxy_fcgi:error] [pid 79837:tid 79907] [client 20.63.32.193:26825] AH01071: Got error 'Primary script unknown'
[Tue May 05 11:47:03.587795 2026] [proxy_fcgi:error] [pid 79839:tid 79890] [client 20.63.32.193:26852] AH01071: Got error 'Primary script unknown'
[Tue May 05 11:47:03.606391 2026] [proxy_fcgi:error] [pid 79835:tid 79854] [client 20.63.32.193:26870] AH01071: Got error 'Primary script unknown'
[Tue May 05 11:47:03.656762 2026] [proxy_fcgi:error] [pid 79841:tid 79926] [client 20.63.32.193:26842] AH01071: Got error 'Primary script unknown'
[Tue May 05 11:47:03.722690 2026] [proxy_fcgi:error] [pid 79837:tid 79907] [client 20.63.32.193:26825] AH01071: Got error 'Primary script unknown'
[Tue May 05 11:47:03.808489 2026] [proxy_fcgi:error] [pid 79839:tid 79890] [client 20.63.32.193:26852] AH01071: Got error 'Primary script unknown'
[Tue May 05 11:47:03.828787 2026] [proxy_fcgi:error] [pid 79835:tid 79854] [client 20.63.32.193:26870] AH01071: Got error 'Primary script unknown'
[Tue May 05 11:47:03.880479 2026] [proxy_fcgi:error] [pid 79841:tid 79926] [client 20.63.32.193:26842] AH01071: Got error 'Primary script unknown'
[Tue May 05 11:47:03.936418 2026] [proxy_fcgi:error] [pid 79837:tid 79908] [client 20.63.32.193:26864] AH01071: Got error 'Primary script unknown'
[Tue May 05 11:47:03.957539 2026] [proxy_fcgi:error] [pid 79837:tid 79907] [client 20.63.32.193:26825] AH01071: Got error 'Primary script unknown'
[Tue May 05 11:47:04.029964 2026] [proxy_fcgi:error] [pid 79839:tid 79890] [client 20.63.32.193:26852] AH01071: Got error 'Primary script unknown'
[Tue May 05 11:47:04.054718 2026] [proxy_fcgi:error] [pid 79835:tid 79854] [client 20.63.32.193:26870] AH01071: Got error 'Primary script unknown'
[Tue May 05 11:47:04.110333 2026] [proxy_fcgi:error] [pid 79841:tid 79926] [client 20.63.32.193:26842] AH01071: Got error 'Primary script unknown'
[Tue May 05 11:47:04.177736 2026] [proxy_fcgi:error] [pid 79837:tid 79907] [client 20.63.32.193:26825] AH01071: Got error 'Primary script unknown'
[Tue May 05 11:47:04.250879 2026] [proxy_fcgi:error] [pid 79839:tid 79890] [client 20.63.32.193:26852] AH01071: Got error 'Primary script unknown'
[Tue May 05 11:47:04.277140 2026] [proxy_fcgi:error] [pid 79835:tid 79854] [client 20.63.32.193:26870] AH01071: Got error 'Primary script unknown'
[Tue May 05 11:47:04.332759 2026] [proxy_fcgi:error] [pid 79841:tid 79926] [client 20.63.32.193:26842] AH01071: Got error 'Primary script unknown'
[Tue May 05 11:47:04.399079 2026] [proxy_fcgi:error] [pid 79837:tid 79907] [client 20.63.32.193:26825] AH01071: Got error 'Primary script unknown'
[Tue May 05 11:47:04.471917 2026] [proxy_fcgi:error] [pid 79839:tid 79890] [client 20.63.32.193:26852] AH01071: Got error 'Primary script unknown'
[Tue May 05 11:47:04.499694 2026] [proxy_fcgi:error] [pid 79835:tid 79854] [client 20.63.32.193:26870] AH01071: Got error 'Primary script unknown'
[Tue May 05 11:47:04.505292 2026] [proxy_fcgi:error] [pid 79837:tid 79908] [client 20.63.32.193:26864] AH01071: Got error 'Primary script unknown'
[Tue May 05 11:47:04.535378 2026] [core:error] [pid 79841:tid 79932] [client 20.63.32.193:27657] AH00124: Request exceeded the limit of 10 internal redirects due to probable configuration error. Use 'LimitInternalRecursion' to increase the limit if necessary. Use 'LogLevel debug' to get a backtrace.
[Tue May 05 11:47:04.535411 2026] [core:error] [pid 79841:tid 79932] [client 20.63.32.193:27657] AH00124: Request exceeded the limit of 10 internal redirects due to probable configuration error. Use 'LimitInternalRecursion' to increase the limit if necessary. Use 'LogLevel debug' to get a backtrace.
[Tue May 05 11:47:04.555873 2026] [proxy_fcgi:error] [pid 79841:tid 79926] [client 20.63.32.193:26842] AH01071: Got error 'Primary script unknown'
[Tue May 05 11:47:04.619420 2026] [proxy_fcgi:error] [pid 79837:tid 79907] [client 20.63.32.193:26825] AH01071: Got error 'Primary script unknown'
[Tue May 05 11:47:04.692988 2026] [proxy_fcgi:error] [pid 79839:tid 79890] [client 20.63.32.193:26852] AH01071: Got error 'Primary script unknown'
[Tue May 05 11:47:04.722005 2026] [proxy_fcgi:error] [pid 79835:tid 79854] [client 20.63.32.193:26870] AH01071: Got error 'Primary script unknown'
[Tue May 05 11:47:04.778683 2026] [proxy_fcgi:error] [pid 79841:tid 79926] [client 20.63.32.193:26842] AH01071: Got error 'Primary script unknown'
[Tue May 05 11:47:04.840188 2026] [proxy_fcgi:error] [pid 79837:tid 79907] [client 20.63.32.193:26825] AH01071: Got error 'Primary script unknown'
[Tue May 05 11:47:04.914867 2026] [proxy_fcgi:error] [pid 79839:tid 79890] [client 20.63.32.193:26852] AH01071: Got error 'Primary script unknown'
[Tue May 05 11:47:04.945785 2026] [proxy_fcgi:error] [pid 79835:tid 79854] [client 20.63.32.193:26870] AH01071: Got error 'Primary script unknown'
[Tue May 05 11:47:05.001212 2026] [proxy_fcgi:error] [pid 79841:tid 79926] [client 20.63.32.193:26842] AH01071: Got error 'Primary script unknown'
[Tue May 05 11:47:05.060497 2026] [proxy_fcgi:error] [pid 79837:tid 79907] [client 20.63.32.193:26825] AH01071: Got error 'Primary script unknown'
[Tue May 05 11:47:05.074128 2026] [proxy_fcgi:error] [pid 79837:tid 79908] [client 20.63.32.193:26864] AH01071: Got error 'Primary script unknown'
[Tue May 05 11:47:05.137673 2026] [proxy_fcgi:error] [pid 79839:tid 79890] [client 20.63.32.193:26852] AH01071: Got error 'Primary script unknown'
[Tue May 05 11:47:05.174886 2026] [proxy_fcgi:error] [pid 79835:tid 79854] [client 20.63.32.193:26870] AH01071: Got error 'Primary script unknown'
[Tue May 05 11:47:05.223819 2026] [proxy_fcgi:error] [pid 79841:tid 79926] [client 20.63.32.193:26842] AH01071: Got error 'Primary script unknown'
[Tue May 05 11:47:05.280718 2026] [proxy_fcgi:error] [pid 79837:tid 79907] [client 20.63.32.193:26825] AH01071: Got error 'Primary script unknown'
[Tue May 05 11:47:05.358501 2026] [proxy_fcgi:error] [pid 79839:tid 79890] [client 20.63.32.193:26852] AH01071: Got error 'Primary script unknown'
[Tue May 05 11:47:05.397199 2026] [proxy_fcgi:error] [pid 79835:tid 79854] [client 20.63.32.193:26870] AH01071: Got error 'Primary script unknown'
[Tue May 05 11:47:05.446636 2026] [proxy_fcgi:error] [pid 79841:tid 79926] [client 20.63.32.193:26842] AH01071: Got error 'Primary script unknown'
[Tue May 05 11:47:05.501137 2026] [proxy_fcgi:error] [pid 79837:tid 79907] [client 20.63.32.193:26825] AH01071: Got error 'Primary script unknown'
[Tue May 05 11:47:05.579579 2026] [proxy_fcgi:error] [pid 79839:tid 79890] [client 20.63.32.193:26852] AH01071: Got error 'Primary script unknown'
[Tue May 05 11:47:05.581233 2026] [proxy_fcgi:error] [pid 79839:tid 79872] [client 74.91.224.220:57626] AH01071: Got error 'Primary script unknown'
[Tue May 05 11:47:05.619521 2026] [proxy_fcgi:error] [pid 79835:tid 79854] [client 20.63.32.193:26870] AH01071: Got error 'Primary script unknown'
[Tue May 05 11:47:05.669164 2026] [proxy_fcgi:error] [pid 79841:tid 79926] [client 20.63.32.193:26842] AH01071: Got error 'Primary script unknown'
[Tue May 05 11:47:05.721941 2026] [proxy_fcgi:error] [pid 79837:tid 79907] [client 20.63.32.193:26825] AH01071: Got error 'Primary script unknown'
[Tue May 05 11:47:05.800609 2026] [proxy_fcgi:error] [pid 79839:tid 79890] [client 20.63.32.193:26852] AH01071: Got error 'Primary script unknown'
[Tue May 05 11:47:05.847451 2026] [proxy_fcgi:error] [pid 79835:tid 79854] [client 20.63.32.193:26870] AH01071: Got error 'Primary script unknown'
[Tue May 05 11:47:05.850754 2026] [core:error] [pid 79841:tid 79934] [client 20.63.32.193:26875] AH00124: Request exceeded the limit of 10 internal redirects due to probable configuration error. Use 'LimitInternalRecursion' to increase the limit if necessary. Use 'LogLevel debug' to get a backtrace.
[Tue May 05 11:47:05.850771 2026] [core:error] [pid 79841:tid 79934] [client 20.63.32.193:26875] AH00124: Request exceeded the limit of 10 internal redirects due to probable configuration error. Use 'LimitInternalRecursion' to increase the limit if necessary. Use 'LogLevel debug' to get a backtrace.
