[Tue May 05 10:46:27.809924 2026] [:error] [pid 1606:tid 1746] [client 140.245.38.56:54544] File does not exist: /var/www/html/wp-login.php, referer: https://daynightplumber.sg/wp-login.php
[Tue May 05 10:46:27.845831 2026] [:error] [pid 1606:tid 1746] [client 140.245.38.56:54544] File does not exist: /var/www/html/wp-login.php, referer: https://daynightplumber.sg/wp-login.php
[Tue May 05 10:46:27.855948 2026] [:error] [pid 1606:tid 1746] [client 140.245.38.56:54544] File does not exist: /var/www/html/wp-login.php, referer: https://daynightplumber.sg/wp-login.php
[Tue May 05 10:46:27.899484 2026] [:error] [pid 1606:tid 1746] [client 140.245.38.56:54544] File does not exist: /var/www/html/wp-login.php, referer: https://daynightplumber.sg/wp-login.php
[Tue May 05 10:46:27.939194 2026] [:error] [pid 1606:tid 1746] [client 140.245.38.56:54544] File does not exist: /var/www/html/wp-login.php, referer: https://daynightplumber.sg/wp-login.php
[Tue May 05 10:46:27.946995 2026] [:error] [pid 1606:tid 1746] [client 140.245.38.56:54544] File does not exist: /var/www/html/wp-login.php, referer: https://daynightplumber.sg/wp-login.php
[Tue May 05 10:46:27.973951 2026] [:error] [pid 1606:tid 1746] [client 140.245.38.56:54544] File does not exist: /var/www/html/wp-login.php, referer: https://daynightplumber.sg/wp-login.php
[Tue May 05 10:46:27.991065 2026] [:error] [pid 1606:tid 1746] [client 140.245.38.56:54544] File does not exist: /var/www/html/wp-login.php, referer: https://daynightplumber.sg/wp-login.php
[Tue May 05 10:46:27.999362 2026] [:error] [pid 1606:tid 1746] [client 140.245.38.56:54544] File does not exist: /var/www/html/wp-login.php, referer: https://daynightplumber.sg/wp-login.php
[Tue May 05 10:46:28.009227 2026] [:error] [pid 1606:tid 1746] [client 140.245.38.56:54544] File does not exist: /var/www/html/wp-login.php, referer: https://daynightplumber.sg/wp-login.php
[Tue May 05 10:46:28.035607 2026] [:error] [pid 1606:tid 1746] [client 140.245.38.56:54544] File does not exist: /var/www/html/wp-login.php, referer: https://daynightplumber.sg/wp-login.php
[Tue May 05 10:46:28.044963 2026] [:error] [pid 1606:tid 1746] [client 140.245.38.56:54544] File does not exist: /var/www/html/wp-login.php, referer: https://daynightplumber.sg/wp-login.php
[Tue May 05 10:46:28.067939 2026] [:error] [pid 1606:tid 1746] [client 140.245.38.56:54544] File does not exist: /var/www/html/wp-login.php, referer: https://daynightplumber.sg/wp-login.php
[Tue May 05 10:46:28.119971 2026] [:error] [pid 1606:tid 1746] [client 140.245.38.56:54544] File does not exist: /var/www/html/wp-login.php, referer: https://daynightplumber.sg/wp-login.php
[Tue May 05 10:46:28.150409 2026] [:error] [pid 1606:tid 1746] [client 140.245.38.56:54544] File does not exist: /var/www/html/wp-login.php, referer: https://daynightplumber.sg/wp-login.php
[Tue May 05 10:46:28.202820 2026] [:error] [pid 1606:tid 1746] [client 140.245.38.56:54544] File does not exist: /var/www/html/wp-login.php, referer: https://daynightplumber.sg/wp-login.php
[Tue May 05 10:46:28.231843 2026] [:error] [pid 1606:tid 1746] [client 140.245.38.56:54544] File does not exist: /var/www/html/wp-login.php, referer: https://daynightplumber.sg/wp-login.php
[Tue May 05 10:46:28.247087 2026] [:error] [pid 1606:tid 1746] [client 140.245.38.56:54544] File does not exist: /var/www/html/wp-login.php, referer: https://daynightplumber.sg/wp-login.php
[Tue May 05 10:46:28.261613 2026] [:error] [pid 1606:tid 1746] [client 140.245.38.56:54544] File does not exist: /var/www/html/wp-login.php, referer: https://daynightplumber.sg/wp-login.php
[Tue May 05 10:46:28.270931 2026] [:error] [pid 1606:tid 1746] [client 140.245.38.56:54544] File does not exist: /var/www/html/wp-login.php, referer: https://daynightplumber.sg/wp-login.php
[Tue May 05 10:46:28.324503 2026] [:error] [pid 1608:tid 1675] [client 140.245.38.56:54831] File does not exist: /var/www/html/wp-login.php, referer: https://daynightplumber.sg/wp-login.php
[Tue May 05 10:46:28.353577 2026] [:error] [pid 1608:tid 1675] [client 140.245.38.56:54831] File does not exist: /var/www/html/wp-login.php, referer: https://daynightplumber.sg/wp-login.php
[Tue May 05 10:46:28.425952 2026] [:error] [pid 1608:tid 1675] [client 140.245.38.56:54831] File does not exist: /var/www/html/wp-login.php, referer: https://daynightplumber.sg/wp-login.php
[Tue May 05 10:46:28.467782 2026] [:error] [pid 1608:tid 1675] [client 140.245.38.56:54831] File does not exist: /var/www/html/wp-login.php, referer: https://daynightplumber.sg/wp-login.php
[Tue May 05 10:46:28.494670 2026] [:error] [pid 1608:tid 1675] [client 140.245.38.56:54831] File does not exist: /var/www/html/wp-login.php, referer: https://daynightplumber.sg/wp-login.php
[Tue May 05 10:46:28.534153 2026] [:error] [pid 1608:tid 1675] [client 140.245.38.56:54831] File does not exist: /var/www/html/wp-login.php, referer: https://daynightplumber.sg/wp-login.php
[Tue May 05 10:46:28.552971 2026] [:error] [pid 1608:tid 1675] [client 140.245.38.56:54831] File does not exist: /var/www/html/wp-login.php, referer: https://daynightplumber.sg/wp-login.php
[Tue May 05 10:46:28.560823 2026] [:error] [pid 1608:tid 1675] [client 140.245.38.56:54831] File does not exist: /var/www/html/wp-login.php, referer: https://daynightplumber.sg/wp-login.php
[Tue May 05 10:46:28.596092 2026] [:error] [pid 1608:tid 1675] [client 140.245.38.56:54831] File does not exist: /var/www/html/wp-login.php, referer: https://daynightplumber.sg/wp-login.php
[Tue May 05 10:46:28.608044 2026] [:error] [pid 1608:tid 1675] [client 140.245.38.56:54831] File does not exist: /var/www/html/wp-login.php, referer: https://daynightplumber.sg/wp-login.php
[Tue May 05 10:46:28.624149 2026] [:error] [pid 1608:tid 1675] [client 140.245.38.56:54831] File does not exist: /var/www/html/wp-login.php, referer: https://daynightplumber.sg/wp-login.php
[Tue May 05 10:46:28.632019 2026] [:error] [pid 1608:tid 1675] [client 140.245.38.56:54831] File does not exist: /var/www/html/wp-login.php, referer: https://daynightplumber.sg/wp-login.php
[Tue May 05 10:46:28.638521 2026] [:error] [pid 1608:tid 1675] [client 140.245.38.56:54831] File does not exist: /var/www/html/wp-login.php, referer: https://daynightplumber.sg/wp-login.php
[Tue May 05 10:46:28.644698 2026] [:error] [pid 1608:tid 1675] [client 140.245.38.56:54831] File does not exist: /var/www/html/wp-login.php, referer: https://daynightplumber.sg/wp-login.php
[Tue May 05 10:46:28.656239 2026] [:error] [pid 1608:tid 1675] [client 140.245.38.56:54831] File does not exist: /var/www/html/wp-login.php, referer: https://daynightplumber.sg/wp-login.php
[Tue May 05 10:46:28.686749 2026] [:error] [pid 1608:tid 1675] [client 140.245.38.56:54831] File does not exist: /var/www/html/wp-login.php, referer: https://daynightplumber.sg/wp-login.php
[Tue May 05 10:46:28.704823 2026] [:error] [pid 1608:tid 1675] [client 140.245.38.56:54831] File does not exist: /var/www/html/wp-login.php, referer: https://daynightplumber.sg/wp-login.php
[Tue May 05 10:46:28.721879 2026] [:error] [pid 1608:tid 1675] [client 140.245.38.56:54831] File does not exist: /var/www/html/wp-login.php, referer: https://daynightplumber.sg/wp-login.php
[Tue May 05 10:46:28.729465 2026] [:error] [pid 1608:tid 1675] [client 140.245.38.56:54831] File does not exist: /var/www/html/wp-login.php, referer: https://daynightplumber.sg/wp-login.php
[Tue May 05 10:46:28.737188 2026] [:error] [pid 1608:tid 1675] [client 140.245.38.56:54831] File does not exist: /var/www/html/wp-login.php, referer: https://daynightplumber.sg/wp-login.php
[Tue May 05 10:46:28.755596 2026] [:error] [pid 1605:tid 1645] [client 123.30.233.13:59922] File does not exist: /var/www/html/wp-login.php
[Tue May 05 10:46:28.802855 2026] [:error] [pid 1608:tid 1675] [client 140.245.38.56:54831] File does not exist: /var/www/html/wp-login.php, referer: https://daynightplumber.sg/wp-login.php
[Tue May 05 10:46:28.836697 2026] [:error] [pid 1608:tid 1675] [client 140.245.38.56:54831] File does not exist: /var/www/html/wp-login.php, referer: https://daynightplumber.sg/wp-login.php
[Tue May 05 10:46:28.844601 2026] [:error] [pid 1608:tid 1675] [client 140.245.38.56:54831] File does not exist: /var/www/html/wp-login.php, referer: https://daynightplumber.sg/wp-login.php
[Tue May 05 10:46:28.853325 2026] [:error] [pid 1608:tid 1675] [client 140.245.38.56:54831] File does not exist: /var/www/html/wp-login.php, referer: https://daynightplumber.sg/wp-login.php
[Tue May 05 10:46:28.859186 2026] [:error] [pid 1608:tid 1675] [client 140.245.38.56:54831] File does not exist: /var/www/html/wp-login.php, referer: https://daynightplumber.sg/wp-login.php
[Tue May 05 10:46:28.879373 2026] [:error] [pid 1608:tid 1675] [client 140.245.38.56:54831] File does not exist: /var/www/html/wp-login.php, referer: https://daynightplumber.sg/wp-login.php
[Tue May 05 10:46:28.888548 2026] [:error] [pid 1608:tid 1675] [client 140.245.38.56:54831] File does not exist: /var/www/html/wp-login.php, referer: https://daynightplumber.sg/wp-login.php
[Tue May 05 10:46:28.896324 2026] [:error] [pid 1608:tid 1675] [client 140.245.38.56:54831] File does not exist: /var/www/html/wp-login.php, referer: https://daynightplumber.sg/wp-login.php
[Tue May 05 10:46:28.905425 2026] [:error] [pid 1608:tid 1675] [client 140.245.38.56:54831] File does not exist: /var/www/html/wp-login.php, referer: https://daynightplumber.sg/wp-login.php
[Tue May 05 10:46:28.911273 2026] [:error] [pid 1608:tid 1675] [client 140.245.38.56:54831] File does not exist: /var/www/html/wp-login.php, referer: https://daynightplumber.sg/wp-login.php
[Tue May 05 10:46:28.920336 2026] [:error] [pid 1608:tid 1675] [client 140.245.38.56:54831] File does not exist: /var/www/html/wp-login.php, referer: https://daynightplumber.sg/wp-login.php
[Tue May 05 10:46:28.943590 2026] [:error] [pid 1608:tid 1675] [client 140.245.38.56:54831] File does not exist: /var/www/html/wp-login.php, referer: https://daynightplumber.sg/wp-login.php
[Tue May 05 10:46:28.983205 2026] [:error] [pid 1589:tid 1700] [client 140.245.38.56:55108] File does not exist: /var/www/html/wp-login.php, referer: https://daynightplumber.sg/wp-login.php
[Tue May 05 10:46:28.998102 2026] [:error] [pid 1589:tid 1700] [client 140.245.38.56:55108] File does not exist: /var/www/html/wp-login.php, referer: https://daynightplumber.sg/wp-login.php
[Tue May 05 10:46:29.010188 2026] [:error] [pid 1589:tid 1700] [client 140.245.38.56:55108] File does not exist: /var/www/html/wp-login.php, referer: https://daynightplumber.sg/wp-login.php
[Tue May 05 10:46:29.019685 2026] [:error] [pid 1589:tid 1700] [client 140.245.38.56:55108] File does not exist: /var/www/html/wp-login.php, referer: https://daynightplumber.sg/wp-login.php
[Tue May 05 10:46:29.026140 2026] [:error] [pid 1589:tid 1700] [client 140.245.38.56:55108] File does not exist: /var/www/html/wp-login.php, referer: https://daynightplumber.sg/wp-login.php
[Tue May 05 10:46:29.035390 2026] [:error] [pid 1589:tid 1700] [client 140.245.38.56:55108] File does not exist: /var/www/html/wp-login.php, referer: https://daynightplumber.sg/wp-login.php
[Tue May 05 10:46:29.041454 2026] [:error] [pid 1589:tid 1700] [client 140.245.38.56:55108] File does not exist: /var/www/html/wp-login.php, referer: https://daynightplumber.sg/wp-login.php
[Tue May 05 10:46:29.048130 2026] [:error] [pid 1589:tid 1700] [client 140.245.38.56:55108] File does not exist: /var/www/html/wp-login.php, referer: https://daynightplumber.sg/wp-login.php
[Tue May 05 10:46:29.056759 2026] [:error] [pid 1589:tid 1700] [client 140.245.38.56:55108] File does not exist: /var/www/html/wp-login.php, referer: https://daynightplumber.sg/wp-login.php
[Tue May 05 10:46:29.091695 2026] [:error] [pid 1589:tid 1700] [client 140.245.38.56:55108] File does not exist: /var/www/html/wp-login.php, referer: https://daynightplumber.sg/wp-login.php
[Tue May 05 10:46:29.108707 2026] [:error] [pid 1589:tid 1700] [client 140.245.38.56:55108] File does not exist: /var/www/html/wp-login.php, referer: https://daynightplumber.sg/wp-login.php
[Tue May 05 10:46:29.119918 2026] [:error] [pid 1589:tid 1700] [client 140.245.38.56:55108] File does not exist: /var/www/html/wp-login.php, referer: https://daynightplumber.sg/wp-login.php
[Tue May 05 10:46:29.126659 2026] [:error] [pid 1589:tid 1700] [client 140.245.38.56:55108] File does not exist: /var/www/html/wp-login.php, referer: https://daynightplumber.sg/wp-login.php
[Tue May 05 10:46:29.132475 2026] [:error] [pid 1589:tid 1700] [client 140.245.38.56:55108] File does not exist: /var/www/html/wp-login.php, referer: https://daynightplumber.sg/wp-login.php
[Tue May 05 10:46:29.142082 2026] [:error] [pid 1589:tid 1700] [client 140.245.38.56:55108] File does not exist: /var/www/html/wp-login.php, referer: https://daynightplumber.sg/wp-login.php
[Tue May 05 10:46:29.150088 2026] [:error] [pid 1589:tid 1700] [client 140.245.38.56:55108] File does not exist: /var/www/html/wp-login.php, referer: https://daynightplumber.sg/wp-login.php
[Tue May 05 10:46:29.188176 2026] [:error] [pid 1589:tid 1700] [client 140.245.38.56:55108] File does not exist: /var/www/html/wp-login.php, referer: https://daynightplumber.sg/wp-login.php
[Tue May 05 10:46:29.193948 2026] [:error] [pid 1589:tid 1700] [client 140.245.38.56:55108] File does not exist: /var/www/html/wp-login.php, referer: https://daynightplumber.sg/wp-login.php
[Tue May 05 10:46:29.201076 2026] [:error] [pid 1589:tid 1700] [client 140.245.38.56:55108] File does not exist: /var/www/html/wp-login.php, referer: https://daynightplumber.sg/wp-login.php
[Tue May 05 10:46:29.206985 2026] [:error] [pid 1589:tid 1700] [client 140.245.38.56:55108] File does not exist: /var/www/html/wp-login.php, referer: https://daynightplumber.sg/wp-login.php
[Tue May 05 10:46:29.217320 2026] [:error] [pid 1589:tid 1700] [client 140.245.38.56:55108] File does not exist: /var/www/html/wp-login.php, referer: https://daynightplumber.sg/wp-login.php
[Tue May 05 10:46:29.224494 2026] [:error] [pid 1589:tid 1700] [client 140.245.38.56:55108] File does not exist: /var/www/html/wp-login.php, referer: https://daynightplumber.sg/wp-login.php
[Tue May 05 10:46:29.229932 2026] [:error] [pid 1589:tid 1700] [client 140.245.38.56:55108] File does not exist: /var/www/html/wp-login.php, referer: https://daynightplumber.sg/wp-login.php
[Tue May 05 10:46:29.249881 2026] [:error] [pid 1589:tid 1700] [client 140.245.38.56:55108] File does not exist: /var/www/html/wp-login.php, referer: https://daynightplumber.sg/wp-login.php
[Tue May 05 10:46:29.268645 2026] [:error] [pid 1589:tid 1700] [client 140.245.38.56:55108] File does not exist: /var/www/html/wp-login.php, referer: https://daynightplumber.sg/wp-login.php
[Tue May 05 10:46:29.276479 2026] [:error] [pid 1589:tid 1700] [client 140.245.38.56:55108] File does not exist: /var/www/html/wp-login.php, referer: https://daynightplumber.sg/wp-login.php
[Tue May 05 10:46:29.282371 2026] [:error] [pid 1589:tid 1700] [client 140.245.38.56:55108] File does not exist: /var/www/html/wp-login.php, referer: https://daynightplumber.sg/wp-login.php
[Tue May 05 10:46:29.288577 2026] [:error] [pid 1589:tid 1700] [client 140.245.38.56:55108] File does not exist: /var/www/html/wp-login.php, referer: https://daynightplumber.sg/wp-login.php
[Tue May 05 10:46:29.295809 2026] [:error] [pid 1589:tid 1700] [client 140.245.38.56:55108] File does not exist: /var/www/html/wp-login.php, referer: https://daynightplumber.sg/wp-login.php
[Tue May 05 10:46:29.304665 2026] [:error] [pid 1589:tid 1700] [client 140.245.38.56:55108] File does not exist: /var/www/html/wp-login.php, referer: https://daynightplumber.sg/wp-login.php
[Tue May 05 10:46:29.321060 2026] [:error] [pid 1589:tid 1700] [client 140.245.38.56:55108] File does not exist: /var/www/html/wp-login.php, referer: https://daynightplumber.sg/wp-login.php
[Tue May 05 10:46:29.328138 2026] [:error] [pid 1589:tid 1700] [client 140.245.38.56:55108] File does not exist: /var/www/html/wp-login.php, referer: https://daynightplumber.sg/wp-login.php
[Tue May 05 10:46:29.333995 2026] [:error] [pid 1589:tid 1700] [client 140.245.38.56:55108] File does not exist: /var/www/html/wp-login.php, referer: https://daynightplumber.sg/wp-login.php
[Tue May 05 10:46:29.356088 2026] [:error] [pid 1606:tid 1748] [client 140.245.38.56:55287] File does not exist: /var/www/html/wp-login.php, referer: https://daynightplumber.sg/wp-login.php
[Tue May 05 10:46:29.363204 2026] [:error] [pid 1606:tid 1748] [client 140.245.38.56:55287] File does not exist: /var/www/html/wp-login.php, referer: https://daynightplumber.sg/wp-login.php
[Tue May 05 10:46:29.369615 2026] [:error] [pid 1606:tid 1748] [client 140.245.38.56:55287] File does not exist: /var/www/html/wp-login.php, referer: https://daynightplumber.sg/wp-login.php
[Tue May 05 10:46:29.376461 2026] [:error] [pid 1606:tid 1748] [client 140.245.38.56:55287] File does not exist: /var/www/html/wp-login.php, referer: https://daynightplumber.sg/wp-login.php
[Tue May 05 10:46:29.395746 2026] [:error] [pid 1606:tid 1748] [client 140.245.38.56:55287] File does not exist: /var/www/html/wp-login.php, referer: https://daynightplumber.sg/wp-login.php
[Tue May 05 10:46:29.410677 2026] [:error] [pid 1606:tid 1748] [client 140.245.38.56:55287] File does not exist: /var/www/html/wp-login.php, referer: https://daynightplumber.sg/wp-login.php
[Tue May 05 10:46:29.419356 2026] [:error] [pid 1606:tid 1748] [client 140.245.38.56:55287] File does not exist: /var/www/html/wp-login.php, referer: https://daynightplumber.sg/wp-login.php
[Tue May 05 10:46:29.425098 2026] [:error] [pid 1606:tid 1748] [client 140.245.38.56:55287] File does not exist: /var/www/html/wp-login.php, referer: https://daynightplumber.sg/wp-login.php
[Tue May 05 10:46:29.433794 2026] [:error] [pid 1606:tid 1748] [client 140.245.38.56:55287] File does not exist: /var/www/html/wp-login.php, referer: https://daynightplumber.sg/wp-login.php
[Tue May 05 10:46:29.457920 2026] [:error] [pid 1606:tid 1748] [client 140.245.38.56:55287] File does not exist: /var/www/html/wp-login.php, referer: https://daynightplumber.sg/wp-login.php
[Tue May 05 10:46:29.474930 2026] [:error] [pid 1606:tid 1748] [client 140.245.38.56:55287] File does not exist: /var/www/html/wp-login.php, referer: https://daynightplumber.sg/wp-login.php
[Tue May 05 10:46:32.702353 2026] [:error] [pid 1605:tid 1646] [client 103.82.38.198:60434] File does not exist: /var/www/html/xmlrpc.php
[Tue May 05 10:46:37.961139 2026] [:error] [pid 1589:tid 1701] [client 103.216.117.42:44880] File does not exist: /var/www/html/xmlrpc.php
[Tue May 05 10:46:45.053980 2026] [:error] [pid 1608:tid 1677] [client 91.227.37.60:51096] File does not exist: /var/www/html/xmlrpc.php
[Tue May 05 10:46:47.671732 2026] [:error] [pid 1589:tid 1702] [client 200.69.20.165:52386] File does not exist: /var/www/html/wp-login.php
[Tue May 05 10:46:52.577761 2026] [:error] [pid 1607:tid 1623] [client 24.199.108.111:52794] File does not exist: /var/www/html/xmlrpc.php
[Tue May 05 10:46:53.426917 2026] [:error] [pid 1605:tid 1648] [client 123.30.233.12:56596] File does not exist: /var/www/html/xmlrpc.php
[Tue May 05 10:46:54.634112 2026] [:error] [pid 1608:tid 1678] [client 209.38.204.226:35296] File does not exist: /var/www/html/wp-login.php
[Tue May 05 10:46:58.506674 2026] [:error] [pid 1607:tid 1622] [client 38.95.35.85:53886] File does not exist: /var/www/html/wp-login.php
[Tue May 05 10:47:06.431809 2026] [:error] [pid 1605:tid 1649] [client 192.176.172.166:36106] File does not exist: /var/www/html/wp-login.php
[Tue May 05 10:47:07.054326 2026] [:error] [pid 1608:tid 1679] [client 165.22.116.110:34370] File does not exist: /var/www/html/wp-login.php
[Tue May 05 10:47:10.316074 2026] [:error] [pid 1606:tid 1729] [client 92.205.109.21:53810] File does not exist: /var/www/html/wp-login.php
[Tue May 05 10:47:11.683207 2026] [:error] [pid 1607:tid 1625] [client 103.218.122.61:37066] File does not exist: /var/www/html/xmlrpc.php
[Tue May 05 10:47:50.913852 2026] [:error] [pid 1589:tid 1707] [client 146.190.243.147:53136] File does not exist: /var/www/html/wp-login.php
[Tue May 05 10:47:56.447034 2026] [:error] [pid 1607:tid 1628] [client 167.71.226.156:60404] File does not exist: /var/www/html/wp-login.php
[Tue May 05 10:48:27.681118 2026] [:error] [pid 1589:tid 1711] [client 98.130.43.189:39930] File does not exist: /var/www/html/wp-login.php
[Tue May 05 10:48:29.900912 2026] [mpm_worker:notice] [pid 1572:tid 1572] AH00297: SIGUSR1 received.  Doing graceful restart
[Tue May 05 10:48:29.962935 2026] [ssl:warn] [pid 1572:tid 1572] AH01909: server-627783.v22519141.sin01.serveradd.com:443:0 server certificate does NOT include an ID which matches the server name
[Tue May 05 10:48:29.965042 2026] [mpm_worker:notice] [pid 1572:tid 1572] AH00292: Apache/2.4.66 (cPanel) OpenSSL/3.5.1 mod_bwlimited/1.4 configured -- resuming normal operations
[Tue May 05 10:48:29.965056 2026] [core:notice] [pid 1572:tid 1572] AH00094: Command line: '/usr/sbin/httpd'
[Tue May 05 10:48:30.311016 2026] [log_config:warn] [pid 1607:tid 1631] (32)Broken pipe: [client 103.38.55.211:63498] AH00646: Error writing to |/usr/local/cpanel/bin/splitlogs --dir=/etc/apache2/logs/domlogs --main=10-0-2-15.cprapid.com --suffix=-bytes_log
[Tue May 05 10:48:30.311090 2026] [log_config:warn] [pid 1607:tid 1631] (32)Broken pipe: [client 103.38.55.211:63498] AH00646: Error writing to |/usr/local/cpanel/bin/splitlogs --main=apache-traffic.log --mainout=/var/log/cpanel-server-traffic/web/traffic-apache.log
[Tue May 05 10:48:30.311099 2026] [log_config:warn] [pid 1607:tid 1631] (32)Broken pipe: [client 103.38.55.211:63498] AH00646: Error writing to |/usr/local/cpanel/bin/splitlogs --dir=/etc/apache2/logs/domlogs --main=10-0-2-15.cprapid.com --mainout=/etc/apache2/logs/access_log
[Tue May 05 10:48:30.912026 2026] [:error] [pid 9263:tid 9269] [client 162.240.108.214:57532] File does not exist: /var/www/html/wp-login.php
[Tue May 05 10:48:34.976817 2026] [:error] [pid 9378:tid 9381] [client 152.53.111.131:39882] File does not exist: /var/www/html/wp-login.php
[Tue May 05 10:48:40.746644 2026] [:error] [pid 9283:tid 9322] [client 38.95.35.85:39562] File does not exist: /var/www/html/wp-login.php
[Tue May 05 10:48:42.534216 2026] [:error] [pid 9263:tid 9272] [client 74.91.224.220:44794] File does not exist: /var/www/html/xmlrpc.php
[Tue May 05 10:48:46.253166 2026] [mpm_worker:notice] [pid 1572:tid 1572] AH00295: caught SIGTERM, shutting down
[Tue May 05 10:48:46.811567 2026] [security2:notice] [pid 9927:tid 9927] ModSecurity for Apache/2.9.12 (http://www.modsecurity.org/) configured.
[Tue May 05 10:48:46.811605 2026] [security2:notice] [pid 9927:tid 9927] ModSecurity: APR compiled version="1.7.6"; loaded version="1.7.6"
[Tue May 05 10:48:46.811609 2026] [security2:notice] [pid 9927:tid 9927] ModSecurity: PCRE2 compiled version="10.40 "; loaded version="10.40 2022-04-14"
[Tue May 05 10:48:46.811612 2026] [security2:notice] [pid 9927:tid 9927] ModSecurity: LUA compiled version="Lua 5.4"
[Tue May 05 10:48:46.811615 2026] [security2:notice] [pid 9927:tid 9927] ModSecurity: YAJL compiled version="2.1.0"
[Tue May 05 10:48:46.811617 2026] [security2:notice] [pid 9927:tid 9927] ModSecurity: LIBXML compiled version="2.15.3"
[Tue May 05 10:48:46.811620 2026] [security2:notice] [pid 9927:tid 9927] ModSecurity: Status engine is currently disabled, enable it by set SecStatusEngine to On.
[Tue May 05 10:48:46.811915 2026] [suexec:notice] [pid 9927:tid 9927] AH01232: suEXEC mechanism enabled (wrapper: /usr/sbin/suexec)
[Tue May 05 10:48:46.832009 2026] [mpm_worker:notice] [pid 9931:tid 9931] AH00292: Apache/2.4.66 (cPanel) OpenSSL/3.5.1 mod_bwlimited/1.4 configured -- resuming normal operations
[Tue May 05 10:48:46.832032 2026] [core:notice] [pid 9931:tid 9931] AH00094: Command line: '/usr/sbin/httpd'
[Tue May 05 10:48:58.802468 2026] [:error] [pid 9941:tid 9998] [client 213.32.22.52:42014] File does not exist: /var/www/html/wp-login.php
[Tue May 05 10:49:11.225494 2026] [:error] [pid 9941:tid 10008] [client 47.163.39.246:34864] File does not exist: /var/www/html/xmlrpc.php
[Tue May 05 10:49:11.343743 2026] [:error] [pid 9945:tid 9973] [client 50.6.7.129:50748] File does not exist: /var/www/html/xmlrpc.php
[Tue May 05 10:49:24.531963 2026] [:error] [pid 9941:tid 10009] [client 3.70.164.132:36948] File does not exist: /var/www/html/xmlrpc.php
[Tue May 05 10:49:24.625690 2026] [:error] [pid 9945:tid 9975] [client 51.15.160.8:39346] File does not exist: /var/www/html/wp-login.php
[Tue May 05 10:49:27.127588 2026] [:error] [pid 9940:tid 9952] [client 104.244.79.40:41916] File does not exist: /var/www/html/xmlrpc.php
[Tue May 05 10:49:37.466658 2026] [:error] [pid 9945:tid 9999] [client 3.70.164.132:55708] File does not exist: /var/www/html/xmlrpc.php
[Tue May 05 10:50:00.393935 2026] [:error] [pid 9941:tid 10053] [client 103.218.122.61:40044] File does not exist: /var/www/html/xmlrpc.php
[Tue May 05 10:50:24.145604 2026] [:error] [pid 9941:tid 10000] [client 103.38.55.211:63544] File does not exist: /var/www/html/adminer-5.4.2.php
[Tue May 05 10:50:30.838647 2026] [:error] [pid 9940:tid 9953] [client 144.126.133.143:52972] File does not exist: /var/www/html/wp-login.php
[Tue May 05 10:50:35.402014 2026] [:error] [pid 9962:tid 10061] [client 138.68.82.23:57036] File does not exist: /var/www/html/info.php
[Tue May 05 10:50:38.037806 2026] [:error] [pid 9941:tid 10060] [client 206.189.225.181:48458] File does not exist: /var/www/html/info.php
[Tue May 05 10:50:46.097117 2026] [:error] [pid 9940:tid 9955] [client 167.71.226.156:36978] File does not exist: /var/www/html/xmlrpc.php
[Tue May 05 10:51:05.488443 2026] [:error] [pid 9938:tid 10039] [client 78.142.18.172:49916] File does not exist: /var/www/html/xmlrpc.php
[Tue May 05 10:51:07.077120 2026] [:error] [pid 9940:tid 9951] [client 162.241.53.41:52914] File does not exist: /var/www/html/wp-login.php
[Tue May 05 10:51:16.316885 2026] [:error] [pid 9945:tid 10015] [client 51.15.160.8:39680] File does not exist: /var/www/html/xmlrpc.php
[Tue May 05 10:51:19.911836 2026] [:error] [pid 9940:tid 9963] [client 64.23.197.92:58776] File does not exist: /var/www/html/wp-login.php
[Tue May 05 10:51:24.681002 2026] [:error] [pid 9945:tid 10025] [client 198.199.91.80:50563] File does not exist: /var/www/html/wp-login.php
[Tue May 05 10:51:29.033383 2026] [:error] [pid 9940:tid 9967] [client 121.200.216.56:40612] File does not exist: /var/www/html/xmlrpc.php
[Tue May 05 10:51:44.423893 2026] [:error] [pid 9941:tid 10008] [client 45.55.154.140:63481] File does not exist: /var/www/html/wp-login.php
[Tue May 05 10:51:49.234825 2026] [:error] [pid 9940:tid 9952] [client 42.115.72.43:48968] File does not exist: /var/www/html/xmlrpc.php
[Tue May 05 10:52:13.771665 2026] [:error] [pid 9938:tid 9993] [client 51.15.160.8:57230] File does not exist: /var/www/html/wp-login.php
[Tue May 05 10:52:26.781936 2026] [:error] [pid 9962:tid 10032] [client 135.236.141.8:45594] File does not exist: /var/www/html/xmlrpc.php
[Tue May 05 10:52:41.521642 2026] [:error] [pid 9938:tid 10024] [client 66.70.227.127:42690] File does not exist: /var/www/html/wp-login.php
[Tue May 05 10:52:41.804259 2026] [:error] [pid 9941:tid 10006] [client 192.176.172.166:45870] File does not exist: /var/www/html/wp-login.php
[Tue May 05 10:52:47.065324 2026] [:error] [pid 9945:tid 10019] [client 192.176.172.166:45882] File does not exist: /var/www/html/wp-login.php
[Tue May 05 10:53:00.391839 2026] [:error] [pid 9962:tid 10059] [client 103.216.117.42:45106] File does not exist: /var/www/html/wp-login.php
[Tue May 05 10:53:04.909968 2026] [:error] [pid 9940:tid 9954] [client 103.218.122.61:47100] File does not exist: /var/www/html/xmlrpc.php
[Tue May 05 10:53:09.050089 2026] [:error] [pid 9940:tid 9968] [client 5.35.7.175:41836] File does not exist: /var/www/html/xmlrpc.php
[Tue May 05 10:53:19.120062 2026] [:error] [pid 9941:tid 10020] [client 162.241.53.41:43866] File does not exist: /var/www/html/xmlrpc.php
[Tue May 05 10:53:20.650369 2026] [:error] [pid 9938:tid 9983] [client 152.53.111.131:46282] File does not exist: /var/www/html/xmlrpc.php
[Tue May 05 10:53:30.985636 2026] [:error] [pid 9940:tid 9946] [client 42.115.72.43:42178] File does not exist: /var/www/html/xmlrpc.php
[Tue May 05 10:53:37.882165 2026] [:error] [pid 9962:tid 10061] [client 103.216.117.118:37382] File does not exist: /var/www/html/xmlrpc.php
[Tue May 05 10:53:47.209409 2026] [:error] [pid 9941:tid 10060] [client 213.238.191.143:34816] File does not exist: /var/www/html/xmlrpc.php
[Tue May 05 10:54:08.208225 2026] [:error] [pid 9941:tid 9998] [client 192.176.172.166:55776] File does not exist: /var/www/html/wp-login.php
[Tue May 05 10:54:29.251410 2026] [:error] [pid 9938:tid 10033] [client 162.240.108.214:40378] File does not exist: /var/www/html/wp-login.php
[Tue May 05 10:54:36.415829 2026] [:error] [pid 9962:tid 10034] [client 200.69.20.165:55104] File does not exist: /var/www/html/xmlrpc.php
[Tue May 05 10:54:36.582870 2026] [:error] [pid 9945:tid 10003] [client 203.171.31.95:38342] File does not exist: /var/www/html/wp-login.php
[Tue May 05 10:54:45.168278 2026] [:error] [pid 9940:tid 9944] [client 52.232.35.131:44256] File does not exist: /var/www/html/xmlrpc.php
[Tue May 05 10:54:59.603162 2026] [:error] [pid 9938:tid 9981] [client 163.44.192.46:41352] File does not exist: /var/www/html/xmlrpc.php
[Tue May 05 10:55:00.786089 2026] [:error] [pid 9940:tid 9972] [client 163.44.192.46:42896] File does not exist: /var/www/html/wp-login.php
[Tue May 05 10:55:11.084239 2026] [:error] [pid 9938:tid 10045] [client 110.40.221.177:59914] File does not exist: /var/www/html/wp-login.php
[Tue May 05 10:55:39.929739 2026] [:error] [pid 9962:tid 9988] [client 198.46.83.219:44490] File does not exist: /var/www/html/xmlrpc.php
[Tue May 05 10:55:40.577576 2026] [:error] [pid 9940:tid 9950] [client 42.115.72.43:59194] File does not exist: /var/www/html/xmlrpc.php
[Tue May 05 10:55:51.126082 2026] [:error] [pid 9962:tid 10011] [client 103.216.117.118:52280] File does not exist: /var/www/html/xmlrpc.php
[Tue May 05 10:56:09.054156 2026] [:error] [pid 9962:tid 10063] [client 92.205.109.21:37928] File does not exist: /var/www/html/wp-login.php
[Tue May 05 10:56:23.346193 2026] [:error] [pid 9941:tid 10058] [client 103.216.117.42:58690] File does not exist: /var/www/html/wp-login.php
[Tue May 05 10:56:29.259893 2026] [:error] [pid 9945:tid 9978] [client 111.109.37.114:33926] File does not exist: /var/www/html/wp-login.php
[Tue May 05 10:56:33.368847 2026] [:error] [pid 9938:tid 10035] [client 66.29.129.135:58774] File does not exist: /var/www/html/xmlrpc.php
[Tue May 05 10:56:35.147614 2026] [:error] [pid 9938:tid 9992] [client 78.142.18.172:34714] File does not exist: /var/www/html/wp-login.php
[Tue May 05 10:56:38.130689 2026] [:error] [pid 9945:tid 10051] [client 192.176.172.166:52970] File does not exist: /var/www/html/xmlrpc.php
[Tue May 05 10:56:39.226576 2026] [:error] [pid 9938:tid 9981] [client 144.126.133.143:35648] File does not exist: /var/www/html/xmlrpc.php
[Tue May 05 10:56:41.438687 2026] [:error] [pid 9962:tid 10056] [client 78.142.18.172:41460] File does not exist: /var/www/html/xmlrpc.php
[Tue May 05 10:56:45.334327 2026] [:error] [pid 9938:tid 10024] [client 78.142.18.172:41482] File does not exist: /var/www/html/wp-login.php
[Tue May 05 10:57:03.691319 2026] [:error] [pid 9941:tid 10022] [client 50.6.7.129:60080] File does not exist: /var/www/html/xmlrpc.php
[Tue May 05 10:57:05.912716 2026] [:error] [pid 9941:tid 10069] [client 121.200.216.56:59360] File does not exist: /var/www/html/wp-login.php
[Tue May 05 10:57:13.157059 2026] [:error] [pid 9962:tid 9987] [client 50.6.7.129:42440] File does not exist: /var/www/html/wp-login.php
[Tue May 05 10:57:24.361835 2026] [:error] [pid 9940:tid 9955] [client 103.98.152.4:48250] File does not exist: /var/www/html/xmlrpc.php
[Tue May 05 10:57:53.472821 2026] [:error] [pid 9938:tid 9993] [client 216.73.217.81:6460] File does not exist: /var/www/html/db.php
[Tue May 05 10:57:54.332671 2026] [:error] [pid 9940:tid 9944] [client 146.190.243.147:50006] File does not exist: /var/www/html/wp-login.php
[Tue May 05 10:58:16.856242 2026] [:error] [pid 9945:tid 10019] [client 78.142.18.172:36102] File does not exist: /var/www/html/wp-login.php
[Tue May 05 10:58:32.251938 2026] [:error] [pid 9945:tid 10005] [client 103.211.200.45:35552] File does not exist: /var/www/html/wp-login.php
[Tue May 05 10:58:40.002748 2026] [:error] [pid 9940:tid 9963] [client 137.74.133.23:58852] File does not exist: /var/www/html/wp-login.php
[Tue May 05 10:58:52.968026 2026] [:error] [pid 9940:tid 9954] [client 91.227.37.60:60054] File does not exist: /var/www/html/wp-login.php
[Tue May 05 10:58:56.789283 2026] [:error] [pid 9941:tid 10069] [client 222.165.190.235:49756] File does not exist: /var/www/html/xmlrpc.php
[Tue May 05 10:59:05.486430 2026] [:error] [pid 9945:tid 9975] [client 103.218.122.61:56726] File does not exist: /var/www/html/xmlrpc.php
[Tue May 05 10:59:24.685332 2026] [:error] [pid 9941:tid 10016] [client 92.205.109.21:59024] File does not exist: /var/www/html/xmlrpc.php
[Tue May 05 10:59:26.630242 2026] [:error] [pid 9962:tid 10063] [client 103.28.36.122:60380] File does not exist: /var/www/html/wp-login.php
[Tue May 05 10:59:35.811408 2026] [:error] [pid 9938:tid 9993] [client 192.176.172.166:49102] File does not exist: /var/www/html/wp-login.php
[Tue May 05 10:59:40.018103 2026] [:error] [pid 9938:tid 9979] [client 144.126.133.143:33046] File does not exist: /var/www/html/xmlrpc.php
[Tue May 05 10:59:46.012021 2026] [:error] [pid 9962:tid 10061] [client 139.59.242.14:54596] File does not exist: /var/www/html/xmlrpc.php
[Tue May 05 10:59:54.208546 2026] [:error] [pid 9962:tid 10007] [client 216.73.217.81:13582] File does not exist: /var/www/html/db.php
[Tue May 05 10:59:56.931149 2026] [:error] [pid 9962:tid 10007] [client 216.73.217.81:13582] File does not exist: /var/www/html/db.php
[Tue May 05 10:59:58.592898 2026] [:error] [pid 9962:tid 10007] [client 216.73.217.81:13582] File does not exist: /var/www/html/db.php
[Tue May 05 10:59:59.488845 2026] [:error] [pid 9938:tid 9981] [client 162.214.154.138:35666] File does not exist: /var/www/html/xmlrpc.php
[Tue May 05 11:00:01.661484 2026] [:error] [pid 9945:tid 9982] [client 75.119.132.40:59320] File does not exist: /var/www/html/wp-login.php
[Tue May 05 11:00:27.137252 2026] [:error] [pid 9941:tid 10076] [client 216.73.217.81:10829] File does not exist: /var/www/html/db.php
[Tue May 05 11:00:27.741636 2026] [:error] [pid 9941:tid 10076] [client 216.73.217.81:10829] File does not exist: /var/www/html/db.php
[Tue May 05 11:00:31.664306 2026] [:error] [pid 9941:tid 9998] [client 121.200.216.56:44438] File does not exist: /var/www/html/wp-login.php
[Tue May 05 11:00:44.069416 2026] [:error] [pid 9941:tid 10069] [client 67.207.86.6:57220] File does not exist: /var/www/html/xmlrpc.php
[Tue May 05 11:00:44.156860 2026] [:error] [pid 9940:tid 9952] [client 123.30.233.13:36626] File does not exist: /var/www/html/xmlrpc.php
[Tue May 05 11:00:59.506625 2026] [:error] [pid 9941:tid 10053] [client 222.165.190.235:44380] File does not exist: /var/www/html/xmlrpc.php
[Tue May 05 11:01:16.534994 2026] [:error] [pid 9940:tid 9961] [client 198.199.91.80:62845] File does not exist: /var/www/html/wp-login.php
[Tue May 05 11:01:21.108536 2026] [:error] [pid 9941:tid 10075] [client 103.216.117.118:45382] File does not exist: /var/www/html/wp-login.php
[Tue May 05 11:01:21.630492 2026] [:error] [pid 9940:tid 9960] [client 3.70.164.132:44058] File does not exist: /var/www/html/xmlrpc.php
[Tue May 05 11:01:22.468004 2026] [:error] [pid 9962:tid 10010] [client 121.200.216.56:36150] File does not exist: /var/www/html/xmlrpc.php
[Tue May 05 11:01:25.337347 2026] [:error] [pid 9945:tid 10019] [client 216.73.217.81:10397] File does not exist: /var/www/html/db.php
[Tue May 05 11:01:39.475148 2026] [:error] [pid 9945:tid 10023] [client 216.73.217.81:26534] File does not exist: /var/www/html/db.php
[Tue May 05 11:01:47.281824 2026] [:error] [pid 9938:tid 9985] [client 167.172.79.172:30298] File does not exist: /var/www/html/xmlrpc.php
[Tue May 05 11:01:55.686443 2026] [:error] [pid 9945:tid 9974] [client 216.194.174.116:65484] File does not exist: /var/www/html/xmlrpc.php
[Tue May 05 11:02:07.877690 2026] [:error] [pid 9945:tid 9999] [client 209.38.204.226:38648] File does not exist: /var/www/html/xmlrpc.php
[Tue May 05 11:02:17.989166 2026] [:error] [pid 9941:tid 10065] [client 38.95.35.85:50770] File does not exist: /var/www/html/wp-login.php
[Tue May 05 11:02:30.823830 2026] [:error] [pid 9941:tid 10062] [client 216.73.217.81:58890] File does not exist: /var/www/html/db.php
[Tue May 05 11:02:34.796688 2026] [:error] [pid 9941:tid 10062] [client 216.73.217.81:58890] File does not exist: /var/www/html/db.php
[Tue May 05 11:02:41.519417 2026] [:error] [pid 9938:tid 9992] [client 222.165.190.235:46288] File does not exist: /var/www/html/xmlrpc.php
[Tue May 05 11:02:49.659024 2026] [:error] [pid 9941:tid 10006] [client 95.217.104.45:50862] File does not exist: /var/www/html/wp-login.php
[Tue May 05 11:02:50.877301 2026] [:error] [pid 9945:tid 9984] [client 92.205.109.21:57422] File does not exist: /var/www/html/wp-login.php
[Tue May 05 11:02:52.031911 2026] [:error] [pid 9938:tid 10024] [client 103.216.117.42:52700] File does not exist: /var/www/html/wp-login.php
[Tue May 05 11:02:52.275991 2026] [:error] [pid 9941:tid 10000] [client 74.91.224.220:55530] File does not exist: /var/www/html/wp-login.php
[Tue May 05 11:03:00.118141 2026] [:error] [pid 9938:tid 10047] [client 193.36.224.20:20057] File does not exist: /var/www/html/wp-login.php
[Tue May 05 11:03:02.149036 2026] [:error] [pid 9945:tid 10023] [client 135.236.141.8:46963] File does not exist: /var/www/html/wp-login.php
[Tue May 05 11:03:04.418603 2026] [:error] [pid 9940:tid 9967] [client 192.176.172.166:49460] File does not exist: /var/www/html/wp-login.php
[Tue May 05 11:03:04.914769 2026] [:error] [pid 9941:tid 10022] [client 91.227.37.60:42052] File does not exist: /var/www/html/wp-login.php
[Tue May 05 11:03:20.397998 2026] [:error] [pid 9945:tid 9973] [client 52.232.35.131:40220] File does not exist: /var/www/html/xmlrpc.php
[Tue May 05 11:03:22.348813 2026] [:error] [pid 9945:tid 9975] [client 121.200.217.27:50122] File does not exist: /var/www/html/xmlrpc.php
[Tue May 05 11:03:29.684461 2026] [:error] [pid 9941:tid 10054] [client 216.194.174.116:59179] File does not exist: /var/www/html/xmlrpc.php
[Tue May 05 11:03:36.166082 2026] [:error] [pid 9938:tid 9989] [client 203.161.56.124:40370] File does not exist: /var/www/html/xmlrpc.php
[Tue May 05 11:03:48.926277 2026] [:error] [pid 9941:tid 10074] [client 200.69.20.165:35494] File does not exist: /var/www/html/xmlrpc.php
[Tue May 05 11:03:51.337694 2026] [:error] [pid 9962:tid 10046] [client 144.126.133.143:45716] File does not exist: /var/www/html/xmlrpc.php
[Tue May 05 11:03:56.025133 2026] [:error] [pid 9962:tid 10032] [client 121.200.216.56:52478] File does not exist: /var/www/html/wp-login.php
[Tue May 05 11:03:56.457214 2026] [:error] [pid 9941:tid 10075] [client 213.32.22.52:39436] File does not exist: /var/www/html/wp-login.php
[Tue May 05 11:04:16.538871 2026] [:error] [pid 9938:tid 10024] [client 216.73.217.81:49485] File does not exist: /var/www/html/db.php
[Tue May 05 11:04:16.539843 2026] [:error] [pid 9941:tid 10000] [client 216.73.217.81:18653] File does not exist: /var/www/html/db.php
[Tue May 05 11:04:20.168292 2026] [:error] [pid 9938:tid 10024] [client 216.73.217.81:49485] File does not exist: /var/www/html/db.php
[Tue May 05 11:04:30.016372 2026] [:error] [pid 9940:tid 9964] [client 163.44.192.46:45358] File does not exist: /var/www/html/wp-login.php
[Tue May 05 11:04:37.262635 2026] [:error] [pid 9941:tid 10076] [client 3.70.164.132:59522] File does not exist: /var/www/html/wp-login.php
[Tue May 05 11:04:42.912031 2026] [:error] [pid 9945:tid 10052] [client 103.216.117.42:57134] File does not exist: /var/www/html/wp-login.php
[Tue May 05 11:04:45.496656 2026] [:error] [pid 9940:tid 9968] [client 216.73.217.81:46058] File does not exist: /var/www/html/db.php
[Tue May 05 11:04:50.340649 2026] [:error] [pid 9940:tid 9968] [client 216.73.217.81:46058] File does not exist: /var/www/html/db.php
[Tue May 05 11:04:50.873587 2026] [:error] [pid 9962:tid 9988] [client 38.255.17.179:57226] File does not exist: /var/www/html/wp-login.php
[Tue May 05 11:05:02.549656 2026] [:error] [pid 9962:tid 10036] [client 216.194.174.116:41055] File does not exist: /var/www/html/wp-login.php
[Tue May 05 11:05:05.437465 2026] [:error] [pid 9945:tid 10001] [client 216.194.174.116:45527] File does not exist: /var/www/html/xmlrpc.php
[Tue May 05 11:05:12.761131 2026] [:error] [pid 9940:tid 9946] [client 3.70.164.132:53748] File does not exist: /var/www/html/wp-login.php
[Tue May 05 11:05:14.660999 2026] [:error] [pid 9941:tid 10070] [client 123.30.233.12:37712] File does not exist: /var/www/html/wp-login.php
[Tue May 05 11:05:15.895640 2026] [:error] [pid 9962:tid 9997] [client 50.6.7.129:37538] File does not exist: /var/www/html/xmlrpc.php
[Tue May 05 11:05:32.308885 2026] [:error] [pid 9941:tid 10002] [client 67.207.86.6:36600] File does not exist: /var/www/html/xmlrpc.php
[Tue May 05 11:05:37.227172 2026] [:error] [pid 9941:tid 10072] [client 95.217.104.45:50312] File does not exist: /var/www/html/xmlrpc.php
[Tue May 05 11:05:53.821671 2026] [:error] [pid 9938:tid 10045] [client 173.236.218.69:46888] File does not exist: /var/www/html/wp-login.php
[Tue May 05 11:05:58.129082 2026] [:error] [pid 9945:tid 10014] [client 38.95.35.85:33274] File does not exist: /var/www/html/xmlrpc.php
[Tue May 05 11:06:10.529867 2026] [:error] [pid 9962:tid 10071] [client 198.46.83.219:41584] File does not exist: /var/www/html/wp-login.php
[Tue May 05 11:06:16.547424 2026] [:error] [pid 9940:tid 9950] [client 52.232.35.131:35304] File does not exist: /var/www/html/xmlrpc.php
[Tue May 05 11:06:23.287431 2026] [:error] [pid 9941:tid 10069] [client 103.208.218.164:37160] File does not exist: /var/www/html/xmlrpc.php
[Tue May 05 11:06:31.107362 2026] [:error] [pid 9945:tid 10021] [client 51.15.160.8:41128] File does not exist: /var/www/html/wp-login.php
[Tue May 05 11:06:43.193329 2026] [:error] [pid 9962:tid 10063] [client 101.100.234.23:56600] File does not exist: /var/www/html/xmlrpc.php
[Tue May 05 11:06:47.767546 2026] [:error] [pid 9938:tid 9977] [client 50.6.7.129:56322] File does not exist: /var/www/html/wp-login.php
[Tue May 05 11:07:02.761136 2026] [:error] [pid 9938:tid 10029] [client 51.15.160.8:43628] File does not exist: /var/www/html/wp-login.php
[Tue May 05 11:07:09.323817 2026] [:error] [pid 9945:tid 10051] [client 123.30.233.12:42396] File does not exist: /var/www/html/wp-login.php
[Tue May 05 11:07:43.176412 2026] [:error] [pid 9962:tid 10007] [client 222.165.190.235:33516] File does not exist: /var/www/html/wp-login.php
[Tue May 05 11:08:06.399026 2026] [:error] [pid 9962:tid 9996] [client 172.86.89.164:34762] File does not exist: /var/www/html/wp-login.php
[Tue May 05 11:08:10.235849 2026] [:error] [pid 9945:tid 9999] [client 216.73.217.81:31830] File does not exist: /var/www/html/db.php
[Tue May 05 11:08:14.471173 2026] [:error] [pid 9941:tid 10020] [client 162.240.108.214:55896] File does not exist: /var/www/html/wp-login.php
[Tue May 05 11:08:15.909567 2026] [:error] [pid 9962:tid 10011] [client 91.227.37.60:60892] File does not exist: /var/www/html/wp-login.php
[Tue May 05 11:08:27.901985 2026] [:error] [pid 9938:tid 9989] [client 216.73.217.81:3224] File does not exist: /var/www/html/db.php
[Tue May 05 11:08:36.191455 2026] [:error] [pid 9941:tid 10070] [client 3.70.164.132:58406] File does not exist: /var/www/html/wp-login.php
[Tue May 05 11:08:37.203983 2026] [:error] [pid 9940:tid 9946] [client 213.238.191.143:52342] File does not exist: /var/www/html/wp-login.php
[Tue May 05 11:09:16.151633 2026] [:error] [pid 9938:tid 9992] [client 202.92.6.73:38536] File does not exist: /var/www/html/xmlrpc.php
[Tue May 05 11:09:32.477306 2026] [:error] [pid 9945:tid 10005] [client 137.74.133.23:60548] File does not exist: /var/www/html/wp-login.php
[Tue May 05 11:09:38.761043 2026] [:error] [pid 9938:tid 10024] [client 152.53.111.131:28081] File does not exist: /var/www/html/wp-login.php
[Tue May 05 11:09:39.725955 2026] [:error] [pid 9940:tid 9964] [client 45.55.154.140:64713] File does not exist: /var/www/html/wp-login.php
[Tue May 05 11:09:50.949866 2026] [:error] [pid 9938:tid 9985] [client 103.50.205.131:58692] File does not exist: /var/www/html/xmlrpc.php
[Tue May 05 11:09:50.960038 2026] [:error] [pid 9945:tid 10050] [client 38.95.35.85:48542] File does not exist: /var/www/html/xmlrpc.php
[Tue May 05 11:09:56.344480 2026] [:error] [pid 9940:tid 9950] [client 38.95.35.85:52892] File does not exist: /var/www/html/xmlrpc.php
[Tue May 05 11:10:01.883163 2026] [:error] [pid 9945:tid 9974] [client 103.216.117.118:51250] File does not exist: /var/www/html/xmlrpc.php
[Tue May 05 11:10:38.581960 2026] [:error] [pid 9962:tid 10032] [client 92.205.109.21:42416] File does not exist: /var/www/html/wp-login.php
[Tue May 05 11:10:39.091567 2026] [:error] [pid 9938:tid 10029] [client 50.6.7.129:52958] File does not exist: /var/www/html/xmlrpc.php
[Tue May 05 11:10:53.570136 2026] [:error] [pid 9940:tid 9969] [client 38.255.17.179:45696] File does not exist: /var/www/html/xmlrpc.php
[Tue May 05 11:11:10.481030 2026] [:error] [pid 9940:tid 9951] [client 121.200.216.56:43930] File does not exist: /var/www/html/wp-login.php
[Tue May 05 11:11:23.121247 2026] [:error] [pid 9941:tid 10022] [client 103.216.117.118:36124] File does not exist: /var/www/html/xmlrpc.php
[Tue May 05 11:11:32.611004 2026] [:error] [pid 9941:tid 10009] [client 144.126.133.143:43744] File does not exist: /var/www/html/xmlrpc.php
[Tue May 05 11:11:57.186455 2026] [:error] [pid 9938:tid 10031] [client 38.95.35.85:41280] File does not exist: /var/www/html/xmlrpc.php
[Tue May 05 11:12:02.116897 2026] [:error] [pid 9938:tid 10043] [client 216.73.217.81:12258] File does not exist: /var/www/html/db.php
[Tue May 05 11:12:08.602111 2026] [:error] [pid 9945:tid 10066] [client 52.232.35.131:40148] File does not exist: /var/www/html/xmlrpc.php
[Tue May 05 11:12:24.899119 2026] [:error] [pid 9941:tid 10075] [client 51.15.160.8:36918] File does not exist: /var/www/html/xmlrpc.php
[Tue May 05 11:12:37.882465 2026] [:error] [pid 9940:tid 9949] [client 103.53.170.39:39448] File does not exist: /var/www/html/wp-login.php
[Tue May 05 11:12:43.181088 2026] [:error] [pid 9940:tid 9969] [client 134.209.100.212:44608] File does not exist: /var/www/html/wp-login.php
[Tue May 05 11:12:57.918314 2026] [:error] [pid 9940:tid 9966] [client 103.216.117.42:53020] File does not exist: /var/www/html/wp-login.php
[Tue May 05 11:13:01.251685 2026] [:error] [pid 9940:tid 9951] [client 41.76.214.94:47820] File does not exist: /var/www/html/wp-login.php
[Tue May 05 11:13:06.450102 2026] [:error] [pid 9962:tid 10059] [client 134.209.100.212:49712] File does not exist: /var/www/html/wp-login.php
[Tue May 05 11:13:08.592916 2026] [:error] [pid 9940:tid 9964] [client 103.211.200.45:41904] File does not exist: /var/www/html/xmlrpc.php
[Tue May 05 11:13:11.126741 2026] [:error] [pid 9938:tid 10047] [client 123.30.233.12:56190] File does not exist: /var/www/html/wp-login.php
[Tue May 05 11:13:17.866774 2026] [:error] [pid 9945:tid 10052] [client 213.238.191.143:58992] File does not exist: /var/www/html/wp-login.php
[Tue May 05 11:13:22.465785 2026] [:error] [pid 9945:tid 10050] [client 123.30.233.12:39948] File does not exist: /var/www/html/xmlrpc.php
[Tue May 05 11:13:30.322353 2026] [:error] [pid 9940:tid 9955] [client 52.232.35.131:45944] File does not exist: /var/www/html/xmlrpc.php
[Tue May 05 11:13:33.151257 2026] [:error] [pid 9940:tid 9968] [client 139.180.131.18:57536] File does not exist: /var/www/html/xmlrpc.php
[Tue May 05 11:13:44.644679 2026] [:error] [pid 9941:tid 10054] [client 91.227.37.60:41726] File does not exist: /var/www/html/xmlrpc.php
[Tue May 05 11:14:09.651633 2026] [:error] [pid 9945:tid 9978] [client 50.6.7.129:37038] File does not exist: /var/www/html/xmlrpc.php
[Tue May 05 11:14:12.532618 2026] [:error] [pid 9945:tid 10015] [client 52.232.35.131:40184] File does not exist: /var/www/html/wp-login.php
[Tue May 05 11:14:15.231675 2026] [:error] [pid 9940:tid 9961] [client 123.30.233.13:52806] File does not exist: /var/www/html/wp-login.php
[Tue May 05 11:14:15.477361 2026] [:error] [pid 9962:tid 10061] [client 64.23.197.92:53465] File does not exist: /var/www/html/wp-login.php
[Tue May 05 11:14:20.850628 2026] [:error] [pid 9938:tid 9981] [client 50.6.7.129:57440] File does not exist: /var/www/html/wp-login.php
[Tue May 05 11:14:28.120365 2026] [:error] [pid 9941:tid 10006] [client 103.216.117.118:53030] File does not exist: /var/www/html/xmlrpc.php
[Tue May 05 11:14:29.454900 2026] [:error] [pid 9945:tid 10014] [client 192.176.172.166:59878] File does not exist: /var/www/html/wp-login.php
[Tue May 05 11:14:45.361151 2026] [:error] [pid 9938:tid 10024] [client 5.35.7.175:52380] File does not exist: /var/www/html/wp-login.php
[Tue May 05 11:14:50.885297 2026] [:error] [pid 9938:tid 10047] [client 173.236.218.69:37952] File does not exist: /var/www/html/xmlrpc.php
[Tue May 05 11:14:51.013707 2026] [:error] [pid 9940:tid 9965] [client 165.22.116.110:52314] File does not exist: /var/www/html/wp-login.php
[Tue May 05 11:14:55.750473 2026] [:error] [pid 9938:tid 10037] [client 135.236.141.8:42881] File does not exist: /var/www/html/wp-login.php
[Tue May 05 11:15:07.155673 2026] [:error] [pid 9941:tid 10020] [client 161.132.40.97:56414] File does not exist: /var/www/html/wp-login.php
